{"id":1166,"date":"2024-03-01T10:31:30","date_gmt":"2024-03-01T09:31:30","guid":{"rendered":"https:\/\/reha-flex.de\/rehabilitationsklinik-sangerhausen\/?page_id=1166"},"modified":"2024-03-11T17:04:37","modified_gmt":"2024-03-11T16:04:37","slug":"der-chefarzt-raet","status":"publish","type":"page","link":"https:\/\/reha-flex.de\/rehabilitationsklinik-sangerhausen\/unsere-klinik\/der-chefarzt-raet\/","title":{"rendered":"Der Chefarzt r\u00e4t"},"content":{"rendered":"<div id=\"cmsmasters_row_4kku0jbrba\" class=\"cmsmasters_row cmsmasters_color_scheme_default cmsmasters_row_top_default cmsmasters_row_bot_default cmsmasters_row_boxed\">\n<div class=\"cmsmasters_row_outer_parent\">\n<div class=\"cmsmasters_row_outer\">\n<div class=\"cmsmasters_row_inner\">\n<div class=\"cmsmasters_row_margin\">\n<div id=\"cmsmasters_column_8s3qj918bg\" class=\"cmsmasters_column two_third\">\n<div class=\"cmsmasters_column_inner\"><div id=\"blog_7n6wtm3rj8\" class=\"cmsmasters_wrap_blog entry-summary\" data-layout=\"columns\" data-layout-mode=\"grid\" data-url=\"https:\/\/reha-flex.de\/wp-content\/plugins\/cmsmasters-content-composer\/\" data-orderby=\"date\" data-order=\"DESC\" data-count=\"12\" data-categories=\"chefarzt-beitrag\" data-metadata=\"date\" data-pagination=\"more\"><div class=\"blog columns grid cmsmasters_3\"><!-- Start Post Masonry Article -->\r\n<article id=\"post-1184\" class=\"cmsmasters_post_masonry post-1184 post type-post status-publish format-standard has-post-thumbnail hentry category-aktuelles category-chefarzt-beitrag\" data-category=\"aktuelles chefarzt-beitrag\">\r\n\t<div class=\"cmsmasters_post_cont\">\r\n\t<div class=\"cmsmasters_date_img_wrap\"><figure class=\"cmsmasters_img_wrap\"><a href=\"https:\/\/reha-flex.de\/rehabilitationsklinik-sangerhausen\/reha-nachsorge-eigeninitiative-so-laeuft-es-nach-einer-gelenkersatz-op\/\" title=\"Reha, Nachsorge, Eigeninitiative \u2013 so l\u00e4uft es nach einer Gelenkersatz-OP\" class=\"cmsmasters_img_link preloader\"><img loading=\"lazy\" decoding=\"async\" width=\"580\" height=\"400\" src=\"https:\/\/reha-flex.de\/wp-content\/uploads\/sites\/8\/2021\/11\/Nordic-Walking_2021-580x400.jpg\" class=\"full-width wp-post-image\" alt=\"Reha, Nachsorge, Eigeninitiative \u2013 so l\u00e4uft es nach einer Gelenkersatz-OP\" title=\"Nordic-Walking\" \/><\/a><\/figure><span class=\"cmsmasters_post_date cmsmasters-icon-calendar-3\"><abbr class=\"published\" title=\"15. Juli 2023\"><span class=\"cmsmasters_day_mon\">Juli 15<\/span><span class=\"cmsmasters_year\">, 2023<\/span><\/abbr><abbr class=\"dn date updated\" title=\"10. M\u00e4rz 2024\">10. M\u00e4rz 2024<\/abbr><\/span><\/div><header class=\"cmsmasters_post_header entry-header\"><h4 class=\"cmsmasters_post_title entry-title\"><a href=\"https:\/\/reha-flex.de\/rehabilitationsklinik-sangerhausen\/reha-nachsorge-eigeninitiative-so-laeuft-es-nach-einer-gelenkersatz-op\/\">Reha, Nachsorge, Eigeninitiative \u2013 so l\u00e4uft es nach einer Gelenkersatz-OP<\/a><\/h4><\/header><div class=\"cmsmasters_post_content entry-content\">\n<p>Ein ku\u0308nstliches Hu\u0308ftgelenk kann bei einer fortgeschrittenen Hu\u0308ftarthrose Schmerzen lindern und die Lebensqualit\u00e4t verbessern. Das trifft auch bei einem Kniegelenk...<\/p>\n<\/div>\n\t<\/div>\r\n<\/article>\r\n<!-- Finish Post Masonry Article -->\r\n\r\n<!-- Start Post Masonry Article -->\r\n<article id=\"post-1179\" class=\"cmsmasters_post_masonry post-1179 post type-post status-publish format-standard has-post-thumbnail hentry category-aktuelles category-chefarzt-beitrag\" data-category=\"aktuelles chefarzt-beitrag\">\r\n\t<div class=\"cmsmasters_post_cont\">\r\n\t<div class=\"cmsmasters_date_img_wrap\"><figure class=\"cmsmasters_img_wrap\"><a href=\"https:\/\/reha-flex.de\/rehabilitationsklinik-sangerhausen\/die-guten-vorsaetze-und-wie-sie-am-besten-umzusetzen-sind\/\" title=\"Die guten Vors\u00e4tze und wie sie am besten umzusetzen sind\" class=\"cmsmasters_img_link preloader\"><img loading=\"lazy\" decoding=\"async\" width=\"580\" height=\"400\" src=\"https:\/\/reha-flex.de\/wp-content\/uploads\/sites\/8\/2024\/02\/Gute-Vorsaetze_Winter_22-580x400.jpg\" class=\"full-width wp-post-image\" alt=\"Die guten Vors\u00e4tze und wie sie am besten umzusetzen sind\" title=\"Gute-Vorsaetze_Winter_22\" \/><\/a><\/figure><span class=\"cmsmasters_post_date cmsmasters-icon-calendar-3\"><abbr class=\"published\" title=\"15. Dezember 2022\"><span class=\"cmsmasters_day_mon\">Dezember 15<\/span><span class=\"cmsmasters_year\">, 2022<\/span><\/abbr><abbr class=\"dn date updated\" title=\"10. M\u00e4rz 2024\">10. M\u00e4rz 2024<\/abbr><\/span><\/div><header class=\"cmsmasters_post_header entry-header\"><h4 class=\"cmsmasters_post_title entry-title\"><a href=\"https:\/\/reha-flex.de\/rehabilitationsklinik-sangerhausen\/die-guten-vorsaetze-und-wie-sie-am-besten-umzusetzen-sind\/\">Die guten Vors\u00e4tze und wie sie am besten umzusetzen sind<\/a><\/h4><\/header><div class=\"cmsmasters_post_content entry-content\">\n<p>Ja, die guten Vors\u00e4tze. Die Deutschen schmieden am Silvestertag wieder Pl\u00e4ne, was alles im n\u00e4chsten Jahr besser werden soll. Ganz...<\/p>\n<\/div>\n\t<\/div>\r\n<\/article>\r\n<!-- Finish Post Masonry Article -->\r\n\r\n<!-- Start Post Masonry Article -->\r\n<article id=\"post-1171\" class=\"cmsmasters_post_masonry post-1171 post type-post status-publish format-standard has-post-thumbnail hentry category-aktuelles category-chefarzt-beitrag\" data-category=\"aktuelles chefarzt-beitrag\">\r\n\t<div class=\"cmsmasters_post_cont\">\r\n\t<div class=\"cmsmasters_date_img_wrap\"><figure class=\"cmsmasters_img_wrap\"><a href=\"https:\/\/reha-flex.de\/rehabilitationsklinik-sangerhausen\/was-in-juengeren-jahren-wichtig-ist-wird-im-alter-nicht-falsch\/\" title=\"Was in j\u00fcngeren Jahren wichtig ist, wird im Alter nicht falsch\" class=\"cmsmasters_img_link preloader\"><img loading=\"lazy\" decoding=\"async\" width=\"580\" height=\"400\" src=\"https:\/\/reha-flex.de\/wp-content\/uploads\/sites\/8\/2022\/06\/Juni_2022_SGH-580x400.jpg\" class=\"full-width wp-post-image\" alt=\"Was in j\u00fcngeren Jahren wichtig ist, wird im Alter nicht falsch\" title=\"Juni_2022_SGH\" \/><\/a><\/figure><span class=\"cmsmasters_post_date cmsmasters-icon-calendar-3\"><abbr class=\"published\" title=\"15. Juni 2022\"><span class=\"cmsmasters_day_mon\">Juni 15<\/span><span class=\"cmsmasters_year\">, 2022<\/span><\/abbr><abbr class=\"dn date updated\" title=\"10. M\u00e4rz 2024\">10. M\u00e4rz 2024<\/abbr><\/span><\/div><header class=\"cmsmasters_post_header entry-header\"><h4 class=\"cmsmasters_post_title entry-title\"><a href=\"https:\/\/reha-flex.de\/rehabilitationsklinik-sangerhausen\/was-in-juengeren-jahren-wichtig-ist-wird-im-alter-nicht-falsch\/\">Was in j\u00fcngeren Jahren wichtig ist, wird im Alter nicht falsch<\/a><\/h4><\/header><div class=\"cmsmasters_post_content entry-content\">\n<p>In der Jugend werden die Grundlagen fu\u0308r das Alter gelegt. Und im Alter sollte man gut auf die Zeit nach...<\/p>\n<\/div>\n\t<\/div>\r\n<\/article>\r\n<!-- Finish Post Masonry Article -->\r\n\r\n<\/div><div class=\"cmsmasters_wrap_more_posts cmsmasters_wrap_more_items\"><\/div><\/div>\n<\/div><\/div>\n<div id=\"cmsmasters_column_jbhsmcwurp\" class=\"cmsmasters_column one_third rehaflex-sidebar\">\n<div class=\"cmsmasters_column_inner\">\n<div class=\"cmsmasters_sidebar sidebar_layout_11\"><aside id=\"nav_menu-7\" class=\"widget widget_nav_menu\"><h3 class=\"widgettitle\">Unsere Klinik<\/h3><div class=\"menu-reha-flex-unsere-klinik-sidebar-container\"><ul id=\"menu-reha-flex-unsere-klinik-sidebar\" class=\"menu\"><li id=\"menu-item-266\" class=\"menu-item menu-item-type-post_type menu-item-object-page menu-item-266\"><a href=\"https:\/\/reha-flex.de\/rehabilitationsklinik-sangerhausen\/unsere-klinik\/aktuelles\/\">Aktuelles<\/a><\/li>\n<li id=\"menu-item-267\" class=\"menu-item menu-item-type-post_type menu-item-object-page menu-item-267\"><a href=\"https:\/\/reha-flex.de\/rehabilitationsklinik-sangerhausen\/unsere-klinik\/jobs-karriere\/\">Jobs\/Karriere<\/a><\/li>\n<li id=\"menu-item-1304\" class=\"menu-item menu-item-type-post_type menu-item-object-page menu-item-1304\"><a href=\"https:\/\/reha-flex.de\/rehabilitationsklinik-sangerhausen\/praktika\/\">Praktika<\/a><\/li>\n<li id=\"menu-item-1188\" class=\"menu-item menu-item-type-post_type menu-item-object-page menu-item-1188\"><a href=\"https:\/\/reha-flex.de\/rehabilitationsklinik-sangerhausen\/unsere-klinik\/der-chefarzt-raet\/\">Der Chefarzt r\u00e4t<\/a><\/li>\n<li id=\"menu-item-268\" class=\"menu-item menu-item-type-post_type menu-item-object-page menu-item-268\"><a href=\"https:\/\/reha-flex.de\/rehabilitationsklinik-sangerhausen\/unsere-klinik\/unser-team\/\">Unser Team<\/a><\/li>\n<li id=\"menu-item-269\" class=\"menu-item menu-item-type-post_type menu-item-object-page menu-item-269\"><a href=\"https:\/\/reha-flex.de\/rehabilitationsklinik-sangerhausen\/unsere-klinik\/unser-leitbild\/\">Unser Leitbild<\/a><\/li>\n<li id=\"menu-item-270\" class=\"menu-item menu-item-type-post_type menu-item-object-page menu-item-270\"><a href=\"https:\/\/reha-flex.de\/rehabilitationsklinik-sangerhausen\/unsere-klinik\/historie\/\">Historie<\/a><\/li>\n<\/ul><\/div><\/aside><div class=\"cl\"><\/div>\n<\/div>\n<\/div><\/div>\n<\/div>\n<\/div>\n<\/div>\n<\/div>\n<\/div>\n\n","protected":false},"excerpt":{"rendered":"","protected":false},"author":1,"featured_media":0,"parent":30,"menu_order":300,"comment_status":"closed","ping_status":"closed","template":"","meta":{"footnotes":""},"class_list":["post-1166","page","type-page","status-publish","hentry"],"yoast_head":"<!-- This site is optimized with the Yoast SEO plugin v26.9 - https:\/\/yoast.com\/product\/yoast-seo-wordpress\/ -->\n<title>Der Chefarzt r\u00e4t - Rehabilitationsklinik Sangerhausen<\/title>\n<meta name=\"robots\" content=\"index, follow, max-snippet:-1, max-image-preview:large, max-video-preview:-1\" \/>\n<link rel=\"canonical\" href=\"https:\/\/reha-flex.de\/rehabilitationsklinik-sangerhausen\/unsere-klinik\/der-chefarzt-raet\/\" \/>\n<meta property=\"og:locale\" content=\"de_DE\" \/>\n<meta property=\"og:type\" content=\"article\" \/>\n<meta property=\"og:title\" content=\"Der Chefarzt r\u00e4t - Rehabilitationsklinik Sangerhausen\" \/>\n<meta property=\"og:url\" content=\"https:\/\/reha-flex.de\/rehabilitationsklinik-sangerhausen\/unsere-klinik\/der-chefarzt-raet\/\" \/>\n<meta property=\"og:site_name\" content=\"Rehabilitationsklinik Sangerhausen\" \/>\n<meta property=\"article:modified_time\" content=\"2024-03-11T16:04:37+00:00\" \/>\n<meta name=\"twitter:card\" content=\"summary_large_image\" \/>\n<meta name=\"twitter:label1\" content=\"Gesch\u00e4tzte Lesezeit\" \/>\n\t<meta name=\"twitter:data1\" content=\"1\u00a0Minute\" \/>\n<script type=\"application\/ld+json\" class=\"yoast-schema-graph\">{\"@context\":\"https:\/\/schema.org\",\"@graph\":[{\"@type\":\"WebPage\",\"@id\":\"https:\/\/reha-flex.de\/rehabilitationsklinik-sangerhausen\/unsere-klinik\/der-chefarzt-raet\/\",\"url\":\"https:\/\/reha-flex.de\/rehabilitationsklinik-sangerhausen\/unsere-klinik\/der-chefarzt-raet\/\",\"name\":\"Der Chefarzt r\u00e4t - Rehabilitationsklinik Sangerhausen\",\"isPartOf\":{\"@id\":\"https:\/\/reha-flex.de\/rehabilitationsklinik-sangerhausen\/#website\"},\"datePublished\":\"2024-03-01T09:31:30+00:00\",\"dateModified\":\"2024-03-11T16:04:37+00:00\",\"breadcrumb\":{\"@id\":\"https:\/\/reha-flex.de\/rehabilitationsklinik-sangerhausen\/unsere-klinik\/der-chefarzt-raet\/#breadcrumb\"},\"inLanguage\":\"de\",\"potentialAction\":[{\"@type\":\"ReadAction\",\"target\":[\"https:\/\/reha-flex.de\/rehabilitationsklinik-sangerhausen\/unsere-klinik\/der-chefarzt-raet\/\"]}]},{\"@type\":\"BreadcrumbList\",\"@id\":\"https:\/\/reha-flex.de\/rehabilitationsklinik-sangerhausen\/unsere-klinik\/der-chefarzt-raet\/#breadcrumb\",\"itemListElement\":[{\"@type\":\"ListItem\",\"position\":1,\"name\":\"Startseite\",\"item\":\"https:\/\/reha-flex.de\/rehabilitationsklinik-sangerhausen\/\"},{\"@type\":\"ListItem\",\"position\":2,\"name\":\"Unsere Klinik\",\"item\":\"https:\/\/reha-flex.de\/rehabilitationsklinik-sangerhausen\/unsere-klinik\/\"},{\"@type\":\"ListItem\",\"position\":3,\"name\":\"Der Chefarzt r\u00e4t\"}]},{\"@type\":\"WebSite\",\"@id\":\"https:\/\/reha-flex.de\/rehabilitationsklinik-sangerhausen\/#website\",\"url\":\"https:\/\/reha-flex.de\/rehabilitationsklinik-sangerhausen\/\",\"name\":\"Rehabilitationsklinik Sangerhausen\",\"description\":\"\",\"potentialAction\":[{\"@type\":\"SearchAction\",\"target\":{\"@type\":\"EntryPoint\",\"urlTemplate\":\"https:\/\/reha-flex.de\/rehabilitationsklinik-sangerhausen\/?s={search_term_string}\"},\"query-input\":{\"@type\":\"PropertyValueSpecification\",\"valueRequired\":true,\"valueName\":\"search_term_string\"}}],\"inLanguage\":\"de\"}]}<\/script>\n<!-- \/ Yoast SEO plugin. -->","yoast_head_json":{"title":"Der Chefarzt r\u00e4t - Rehabilitationsklinik Sangerhausen","robots":{"index":"index","follow":"follow","max-snippet":"max-snippet:-1","max-image-preview":"max-image-preview:large","max-video-preview":"max-video-preview:-1"},"canonical":"https:\/\/reha-flex.de\/rehabilitationsklinik-sangerhausen\/unsere-klinik\/der-chefarzt-raet\/","og_locale":"de_DE","og_type":"article","og_title":"Der Chefarzt r\u00e4t - Rehabilitationsklinik Sangerhausen","og_url":"https:\/\/reha-flex.de\/rehabilitationsklinik-sangerhausen\/unsere-klinik\/der-chefarzt-raet\/","og_site_name":"Rehabilitationsklinik Sangerhausen","article_modified_time":"2024-03-11T16:04:37+00:00","twitter_card":"summary_large_image","twitter_misc":{"Gesch\u00e4tzte Lesezeit":"1\u00a0Minute"},"schema":{"@context":"https:\/\/schema.org","@graph":[{"@type":"WebPage","@id":"https:\/\/reha-flex.de\/rehabilitationsklinik-sangerhausen\/unsere-klinik\/der-chefarzt-raet\/","url":"https:\/\/reha-flex.de\/rehabilitationsklinik-sangerhausen\/unsere-klinik\/der-chefarzt-raet\/","name":"Der Chefarzt r\u00e4t - Rehabilitationsklinik Sangerhausen","isPartOf":{"@id":"https:\/\/reha-flex.de\/rehabilitationsklinik-sangerhausen\/#website"},"datePublished":"2024-03-01T09:31:30+00:00","dateModified":"2024-03-11T16:04:37+00:00","breadcrumb":{"@id":"https:\/\/reha-flex.de\/rehabilitationsklinik-sangerhausen\/unsere-klinik\/der-chefarzt-raet\/#breadcrumb"},"inLanguage":"de","potentialAction":[{"@type":"ReadAction","target":["https:\/\/reha-flex.de\/rehabilitationsklinik-sangerhausen\/unsere-klinik\/der-chefarzt-raet\/"]}]},{"@type":"BreadcrumbList","@id":"https:\/\/reha-flex.de\/rehabilitationsklinik-sangerhausen\/unsere-klinik\/der-chefarzt-raet\/#breadcrumb","itemListElement":[{"@type":"ListItem","position":1,"name":"Startseite","item":"https:\/\/reha-flex.de\/rehabilitationsklinik-sangerhausen\/"},{"@type":"ListItem","position":2,"name":"Unsere Klinik","item":"https:\/\/reha-flex.de\/rehabilitationsklinik-sangerhausen\/unsere-klinik\/"},{"@type":"ListItem","position":3,"name":"Der Chefarzt r\u00e4t"}]},{"@type":"WebSite","@id":"https:\/\/reha-flex.de\/rehabilitationsklinik-sangerhausen\/#website","url":"https:\/\/reha-flex.de\/rehabilitationsklinik-sangerhausen\/","name":"Rehabilitationsklinik Sangerhausen","description":"","potentialAction":[{"@type":"SearchAction","target":{"@type":"EntryPoint","urlTemplate":"https:\/\/reha-flex.de\/rehabilitationsklinik-sangerhausen\/?s={search_term_string}"},"query-input":{"@type":"PropertyValueSpecification","valueRequired":true,"valueName":"search_term_string"}}],"inLanguage":"de"}]}},"_links":{"self":[{"href":"https:\/\/reha-flex.de\/rehabilitationsklinik-sangerhausen\/wp-json\/wp\/v2\/pages\/1166","targetHints":{"allow":["GET"]}}],"collection":[{"href":"https:\/\/reha-flex.de\/rehabilitationsklinik-sangerhausen\/wp-json\/wp\/v2\/pages"}],"about":[{"href":"https:\/\/reha-flex.de\/rehabilitationsklinik-sangerhausen\/wp-json\/wp\/v2\/types\/page"}],"author":[{"embeddable":true,"href":"https:\/\/reha-flex.de\/rehabilitationsklinik-sangerhausen\/wp-json\/wp\/v2\/users\/1"}],"replies":[{"embeddable":true,"href":"https:\/\/reha-flex.de\/rehabilitationsklinik-sangerhausen\/wp-json\/wp\/v2\/comments?post=1166"}],"version-history":[{"count":8,"href":"https:\/\/reha-flex.de\/rehabilitationsklinik-sangerhausen\/wp-json\/wp\/v2\/pages\/1166\/revisions"}],"predecessor-version":[{"id":1193,"href":"https:\/\/reha-flex.de\/rehabilitationsklinik-sangerhausen\/wp-json\/wp\/v2\/pages\/1166\/revisions\/1193"}],"up":[{"embeddable":true,"href":"https:\/\/reha-flex.de\/rehabilitationsklinik-sangerhausen\/wp-json\/wp\/v2\/pages\/30"}],"wp:attachment":[{"href":"https:\/\/reha-flex.de\/rehabilitationsklinik-sangerhausen\/wp-json\/wp\/v2\/media?parent=1166"}],"curies":[{"name":"wp","href":"https:\/\/api.w.org\/{rel}","templated":true}]}}