{"id":1297,"date":"2025-06-10T13:31:25","date_gmt":"2025-06-10T11:31:25","guid":{"rendered":"https:\/\/reha-flex.de\/rehabilitationsklinik-sangerhausen\/praktika\/"},"modified":"2025-06-25T12:39:08","modified_gmt":"2025-06-25T10:39:08","slug":"praktika","status":"publish","type":"page","link":"https:\/\/reha-flex.de\/rehabilitationsklinik-sangerhausen\/praktika\/","title":{"rendered":"Praktika"},"content":{"rendered":"<div id=\"cmsmasters_row_okpqo46lkg\" class=\"cmsmasters_row cmsmasters_color_scheme_default rehaflex-sidebar-wrapper cmsmasters_row_top_default cmsmasters_row_bot_default cmsmasters_row_boxed\">\n<div class=\"cmsmasters_row_outer_parent\">\n<div class=\"cmsmasters_row_outer\">\n<div class=\"cmsmasters_row_inner\">\n<div class=\"cmsmasters_row_margin\">\n<div id=\"cmsmasters_column_vii3471qy8\" class=\"cmsmasters_column two_third rehaflex-content-sidebar\">\n<div class=\"cmsmasters_column_inner\"><div id=\"cmsmasters_heading_gb0w2h48fr\" class=\"cmsmasters_heading_wrap cmsmasters_heading_align_left\">\n\t<h2 class=\"cmsmasters_heading\">Unsere Angebote zu Praktika<\/h2>\n<\/div><div class=\"cmsmasters_text\">\n<p>Wir bieten in unserer Reha-Klinik verschiedene Arten von Praktika an.<\/p>\n<p>&nbsp;<\/p>\n<\/div>\n<div class=\"cmsmasters_toggles toggles_mode_toggle\">\n<div class=\"cmsmasters_toggle_wrap\" data-tags=\"all \">\n<div class=\"cmsmasters_toggle_title\">\n<span class=\"cmsmasters_toggle_plus\">\n<span class=\"cmsmasters_toggle_plus_hor\"><\/span>\n<span class=\"cmsmasters_toggle_plus_vert\"><\/span>\n<\/span>\n<a href=\"#\">Anerkennungspraktikum Masseur<\/a>\n<\/div>\n<div class=\"cmsmasters_toggle\">\n<div class=\"cmsmasters_toggle_inner\">\n<p>Das Anerkennungspraktikum f\u00fcr Masseure\/Medizinische Bademeister (m\/w\/d) dauert 6 Monate.<br \/>\nLernen Sie in unserer gro\u00dfz\u00fcgigen Abteilung die praktische Anwendung von:<\/p>\n<div class=\"cmsmasters_text\">\n<ul>\n<li class=\"p1\">verschiedenen Massagetechniken<\/li>\n<li class=\"p1\">Elektrotherapie<\/li>\n<li>Bewegungsbad<\/li>\n<li>Zwei- und Vierzellenb\u00e4dern<\/li>\n<li>Stanger-Bad<\/li>\n<li>Unterwasserdruckstrahlmassage<\/li>\n<li>Fangopackung<\/li>\n<li>W\u00e4rme-\/K\u00e4ltetherapie<\/li>\n<\/ul>\n<\/div>\n<\/div>\n<\/div>\n<\/div><div class=\"cmsmasters_toggle_wrap\" data-tags=\"all \">\n<div class=\"cmsmasters_toggle_title\">\n<span class=\"cmsmasters_toggle_plus\">\n<span class=\"cmsmasters_toggle_plus_hor\"><\/span>\n<span class=\"cmsmasters_toggle_plus_vert\"><\/span>\n<\/span>\n<a href=\"#\">Praktikum f\u00fcr angehende Physio- und Ergotherapeuten<\/a>\n<\/div>\n<div class=\"cmsmasters_toggle\">\n<div class=\"cmsmasters_toggle_inner\">\n<p>Das Praktikum f\u00fcr angehende Physio- und Ergotherapeuten ist grunds\u00e4tzlicher Bestandteil der Ausbildung an der jeweiligen Berufsfachschule. Im Rahmen der Kooperationsvereinbarungen zwischen Schule und reha FLEX werden die Praktikumszeiten koordiniert.<\/p>\n<p>Sie k\u00f6nnen sich auch pers\u00f6nlich f\u00fcr ein Praktikum bei uns bewerben. Wir unterst\u00fctzen Sie gern.<\/p>\n<p>Unsere(n) Praktikantenverantwortliche(n) erreichen Sie unter:<\/p>\n<p><a href=\"mailto:info.sgh@reha-flex.de\">info.sgh@reha-flex.de<\/a><\/p>\n<\/div>\n<\/div>\n<\/div><div class=\"cmsmasters_toggle_wrap\" data-tags=\"all \">\n<div class=\"cmsmasters_toggle_title\">\n<span class=\"cmsmasters_toggle_plus\">\n<span class=\"cmsmasters_toggle_plus_hor\"><\/span>\n<span class=\"cmsmasters_toggle_plus_vert\"><\/span>\n<\/span>\n<a href=\"#\">Sch\u00fclerpraktikum<\/a>\n<\/div>\n<div class=\"cmsmasters_toggle\">\n<div class=\"cmsmasters_toggle_inner\">\n<p>Das ca. vierzehnt\u00e4gige Praktikum zur Berufsorientierung f\u00fcr Sch\u00fclerinnen und Sch\u00fcler findet regelm\u00e4\u00dfig in der 8. oder 9. Klasse statt.<\/p>\n<p>Bei Interesse wenden Sie sich bitte an:<\/p>\n<p><a class=\"mail-link\" href=\"mailto:info.sgh@reha-flex.de\" data-enc-email=\"cenxgvxnagra&#091;at&#093;erun-syrk.qr\" data-wpel-link=\"ignore\"><span id=\"eeb-398841-945705\">info.sgh@reha-flex.de<\/span><\/a><\/p>\n<\/div>\n<\/div>\n<\/div><div class=\"cmsmasters_toggle_wrap\" data-tags=\"all \">\n<div class=\"cmsmasters_toggle_title\">\n<span class=\"cmsmasters_toggle_plus\">\n<span class=\"cmsmasters_toggle_plus_hor\"><\/span>\n<span class=\"cmsmasters_toggle_plus_vert\"><\/span>\n<\/span>\n<a href=\"#\">Girls &amp; Boys Day \u2013 M\u00e4dchen und Jungen-Zukunftstage<\/a>\n<\/div>\n<div class=\"cmsmasters_toggle\">\n<div class=\"cmsmasters_toggle_inner\">\n<p class=\"p1\"><span class=\"s1\"><b>reha FLEX ist dabei und stellt 4 Pl\u00e4tze zur Verf\u00fcgung.<\/b><\/span><\/p>\n<p class=\"p1\"><span class=\"s1\"><b>Girls\u2019 Day<\/b><\/span> und <span class=\"s1\"><b>Boys\u2019 Day<\/b><\/span> (offiziell: <span class=\"s1\"><b>Girls\u2019Day \u2013 M\u00e4dchen-Zukunftstag<\/b><\/span> und <span class=\"s1\"><b>Boys\u2019Day \u2013 Jungen-Zukunftstag<\/b><\/span>) sind Aktionstage in Deutschland, die dazu dienen, geschlechtertypische Berufswahlmuster aufzubrechen und Jugendlichen neue Perspektiven zu er\u00f6ffnen. M\u00e4dchen sollen Berufe kennenlernen, in denen Frauen bisher unterrepr\u00e4sentiert sind \u2013 z.\u202fB. in den Bereichen <span class=\"s1\"><b>Technik, IT, Handwerk und Naturwissenschaften<\/b><\/span>. Jungen sollen Einblick in soziale, erzieherische oder pflegerische Berufe bekommen, in denen M\u00e4nner selten vertreten sind \u2013 z.\u202fB. <span class=\"s1\"><b>Erzieher, Pflegekr\u00e4fte, Grundschullehrer<\/b><\/span>.<\/p>\n<p>Unsere(n) Praktikantenverantwortliche(n) erreichen Sie unter:<\/p>\n<p><a href=\"mailto:info.sgh@reha-flex.de\">info.sgh@reha-flex.de<\/a><\/p>\n<p>&nbsp;<\/p>\n<hr \/>\n<\/div>\n<\/div>\n<\/div><\/div><div class=\"cmsmasters_text\">\n<p>&nbsp;<\/p>\n<p>Unsere(n) Praktikantenverantwortliche(n) erreichen Sie unter:<br \/>\n<a href=\"mailto:info.sgh@reha-flex.de\">info.sgh@reha-flex.de<\/a><\/p>\n<\/div>\n<\/div><\/div>\n<div id=\"cmsmasters_column_5v8788oe8d\" class=\"cmsmasters_column one_third rehaflex-sidebar\">\n<div class=\"cmsmasters_column_inner\">\n<div class=\"cmsmasters_sidebar sidebar_layout_11\"><aside id=\"nav_menu-7\" class=\"widget widget_nav_menu\"><h3 class=\"widgettitle\">Unsere Klinik<\/h3><div class=\"menu-reha-flex-unsere-klinik-sidebar-container\"><ul id=\"menu-reha-flex-unsere-klinik-sidebar\" class=\"menu\"><li id=\"menu-item-266\" class=\"menu-item menu-item-type-post_type menu-item-object-page menu-item-266\"><a href=\"https:\/\/reha-flex.de\/rehabilitationsklinik-sangerhausen\/unsere-klinik\/aktuelles\/\">Aktuelles<\/a><\/li>\n<li id=\"menu-item-267\" class=\"menu-item menu-item-type-post_type menu-item-object-page menu-item-267\"><a href=\"https:\/\/reha-flex.de\/rehabilitationsklinik-sangerhausen\/unsere-klinik\/jobs-karriere\/\">Jobs\/Karriere<\/a><\/li>\n<li id=\"menu-item-1304\" class=\"menu-item menu-item-type-post_type menu-item-object-page menu-item-1304\"><a href=\"https:\/\/reha-flex.de\/rehabilitationsklinik-sangerhausen\/praktika\/\">Praktika<\/a><\/li>\n<li id=\"menu-item-1188\" class=\"menu-item menu-item-type-post_type menu-item-object-page menu-item-1188\"><a href=\"https:\/\/reha-flex.de\/rehabilitationsklinik-sangerhausen\/unsere-klinik\/der-chefarzt-raet\/\">Der Chefarzt r\u00e4t<\/a><\/li>\n<li id=\"menu-item-268\" class=\"menu-item menu-item-type-post_type menu-item-object-page menu-item-268\"><a href=\"https:\/\/reha-flex.de\/rehabilitationsklinik-sangerhausen\/unsere-klinik\/unser-team\/\">Unser Team<\/a><\/li>\n<li id=\"menu-item-269\" class=\"menu-item menu-item-type-post_type menu-item-object-page menu-item-269\"><a href=\"https:\/\/reha-flex.de\/rehabilitationsklinik-sangerhausen\/unsere-klinik\/unser-leitbild\/\">Unser Leitbild<\/a><\/li>\n<li id=\"menu-item-270\" class=\"menu-item menu-item-type-post_type menu-item-object-page menu-item-270\"><a href=\"https:\/\/reha-flex.de\/rehabilitationsklinik-sangerhausen\/unsere-klinik\/historie\/\">Historie<\/a><\/li>\n<\/ul><\/div><\/aside><div class=\"cl\"><\/div>\n<\/div>\n<\/div><\/div>\n<\/div>\n<\/div>\n<\/div>\n<\/div>\n<\/div>\n\n","protected":false},"excerpt":{"rendered":"","protected":false},"author":2,"featured_media":0,"parent":0,"menu_order":400,"comment_status":"closed","ping_status":"closed","template":"","meta":{"footnotes":""},"class_list":["post-1297","page","type-page","status-publish","hentry"],"yoast_head":"<!-- This site is optimized with the Yoast SEO plugin v26.9 - https:\/\/yoast.com\/product\/yoast-seo-wordpress\/ -->\n<title>Praktika - Rehabilitationsklinik Sangerhausen<\/title>\n<meta name=\"robots\" content=\"index, follow, max-snippet:-1, max-image-preview:large, max-video-preview:-1\" \/>\n<link rel=\"canonical\" href=\"https:\/\/reha-flex.de\/rehabilitationsklinik-sangerhausen\/praktika\/\" \/>\n<meta property=\"og:locale\" content=\"de_DE\" \/>\n<meta property=\"og:type\" content=\"article\" \/>\n<meta property=\"og:title\" content=\"Praktika - Rehabilitationsklinik Sangerhausen\" \/>\n<meta property=\"og:url\" content=\"https:\/\/reha-flex.de\/rehabilitationsklinik-sangerhausen\/praktika\/\" \/>\n<meta property=\"og:site_name\" content=\"Rehabilitationsklinik Sangerhausen\" \/>\n<meta property=\"article:modified_time\" content=\"2025-06-25T10:39:08+00:00\" \/>\n<meta name=\"twitter:card\" content=\"summary_large_image\" \/>\n<meta name=\"twitter:label1\" content=\"Gesch\u00e4tzte Lesezeit\" \/>\n\t<meta name=\"twitter:data1\" content=\"2\u00a0Minuten\" \/>\n<script type=\"application\/ld+json\" class=\"yoast-schema-graph\">{\"@context\":\"https:\/\/schema.org\",\"@graph\":[{\"@type\":\"WebPage\",\"@id\":\"https:\/\/reha-flex.de\/rehabilitationsklinik-sangerhausen\/praktika\/\",\"url\":\"https:\/\/reha-flex.de\/rehabilitationsklinik-sangerhausen\/praktika\/\",\"name\":\"Praktika - Rehabilitationsklinik Sangerhausen\",\"isPartOf\":{\"@id\":\"https:\/\/reha-flex.de\/rehabilitationsklinik-sangerhausen\/#website\"},\"datePublished\":\"2025-06-10T11:31:25+00:00\",\"dateModified\":\"2025-06-25T10:39:08+00:00\",\"breadcrumb\":{\"@id\":\"https:\/\/reha-flex.de\/rehabilitationsklinik-sangerhausen\/praktika\/#breadcrumb\"},\"inLanguage\":\"de\",\"potentialAction\":[{\"@type\":\"ReadAction\",\"target\":[\"https:\/\/reha-flex.de\/rehabilitationsklinik-sangerhausen\/praktika\/\"]}]},{\"@type\":\"BreadcrumbList\",\"@id\":\"https:\/\/reha-flex.de\/rehabilitationsklinik-sangerhausen\/praktika\/#breadcrumb\",\"itemListElement\":[{\"@type\":\"ListItem\",\"position\":1,\"name\":\"Startseite\",\"item\":\"https:\/\/reha-flex.de\/rehabilitationsklinik-sangerhausen\/\"},{\"@type\":\"ListItem\",\"position\":2,\"name\":\"Praktika\"}]},{\"@type\":\"WebSite\",\"@id\":\"https:\/\/reha-flex.de\/rehabilitationsklinik-sangerhausen\/#website\",\"url\":\"https:\/\/reha-flex.de\/rehabilitationsklinik-sangerhausen\/\",\"name\":\"Rehabilitationsklinik Sangerhausen\",\"description\":\"\",\"potentialAction\":[{\"@type\":\"SearchAction\",\"target\":{\"@type\":\"EntryPoint\",\"urlTemplate\":\"https:\/\/reha-flex.de\/rehabilitationsklinik-sangerhausen\/?s={search_term_string}\"},\"query-input\":{\"@type\":\"PropertyValueSpecification\",\"valueRequired\":true,\"valueName\":\"search_term_string\"}}],\"inLanguage\":\"de\"}]}<\/script>\n<!-- \/ Yoast SEO plugin. -->","yoast_head_json":{"title":"Praktika - Rehabilitationsklinik Sangerhausen","robots":{"index":"index","follow":"follow","max-snippet":"max-snippet:-1","max-image-preview":"max-image-preview:large","max-video-preview":"max-video-preview:-1"},"canonical":"https:\/\/reha-flex.de\/rehabilitationsklinik-sangerhausen\/praktika\/","og_locale":"de_DE","og_type":"article","og_title":"Praktika - Rehabilitationsklinik Sangerhausen","og_url":"https:\/\/reha-flex.de\/rehabilitationsklinik-sangerhausen\/praktika\/","og_site_name":"Rehabilitationsklinik Sangerhausen","article_modified_time":"2025-06-25T10:39:08+00:00","twitter_card":"summary_large_image","twitter_misc":{"Gesch\u00e4tzte Lesezeit":"2\u00a0Minuten"},"schema":{"@context":"https:\/\/schema.org","@graph":[{"@type":"WebPage","@id":"https:\/\/reha-flex.de\/rehabilitationsklinik-sangerhausen\/praktika\/","url":"https:\/\/reha-flex.de\/rehabilitationsklinik-sangerhausen\/praktika\/","name":"Praktika - Rehabilitationsklinik Sangerhausen","isPartOf":{"@id":"https:\/\/reha-flex.de\/rehabilitationsklinik-sangerhausen\/#website"},"datePublished":"2025-06-10T11:31:25+00:00","dateModified":"2025-06-25T10:39:08+00:00","breadcrumb":{"@id":"https:\/\/reha-flex.de\/rehabilitationsklinik-sangerhausen\/praktika\/#breadcrumb"},"inLanguage":"de","potentialAction":[{"@type":"ReadAction","target":["https:\/\/reha-flex.de\/rehabilitationsklinik-sangerhausen\/praktika\/"]}]},{"@type":"BreadcrumbList","@id":"https:\/\/reha-flex.de\/rehabilitationsklinik-sangerhausen\/praktika\/#breadcrumb","itemListElement":[{"@type":"ListItem","position":1,"name":"Startseite","item":"https:\/\/reha-flex.de\/rehabilitationsklinik-sangerhausen\/"},{"@type":"ListItem","position":2,"name":"Praktika"}]},{"@type":"WebSite","@id":"https:\/\/reha-flex.de\/rehabilitationsklinik-sangerhausen\/#website","url":"https:\/\/reha-flex.de\/rehabilitationsklinik-sangerhausen\/","name":"Rehabilitationsklinik Sangerhausen","description":"","potentialAction":[{"@type":"SearchAction","target":{"@type":"EntryPoint","urlTemplate":"https:\/\/reha-flex.de\/rehabilitationsklinik-sangerhausen\/?s={search_term_string}"},"query-input":{"@type":"PropertyValueSpecification","valueRequired":true,"valueName":"search_term_string"}}],"inLanguage":"de"}]}},"_links":{"self":[{"href":"https:\/\/reha-flex.de\/rehabilitationsklinik-sangerhausen\/wp-json\/wp\/v2\/pages\/1297","targetHints":{"allow":["GET"]}}],"collection":[{"href":"https:\/\/reha-flex.de\/rehabilitationsklinik-sangerhausen\/wp-json\/wp\/v2\/pages"}],"about":[{"href":"https:\/\/reha-flex.de\/rehabilitationsklinik-sangerhausen\/wp-json\/wp\/v2\/types\/page"}],"author":[{"embeddable":true,"href":"https:\/\/reha-flex.de\/rehabilitationsklinik-sangerhausen\/wp-json\/wp\/v2\/users\/2"}],"replies":[{"embeddable":true,"href":"https:\/\/reha-flex.de\/rehabilitationsklinik-sangerhausen\/wp-json\/wp\/v2\/comments?post=1297"}],"version-history":[{"count":1,"href":"https:\/\/reha-flex.de\/rehabilitationsklinik-sangerhausen\/wp-json\/wp\/v2\/pages\/1297\/revisions"}],"predecessor-version":[{"id":1298,"href":"https:\/\/reha-flex.de\/rehabilitationsklinik-sangerhausen\/wp-json\/wp\/v2\/pages\/1297\/revisions\/1298"}],"wp:attachment":[{"href":"https:\/\/reha-flex.de\/rehabilitationsklinik-sangerhausen\/wp-json\/wp\/v2\/media?parent=1297"}],"curies":[{"name":"wp","href":"https:\/\/api.w.org\/{rel}","templated":true}]}}