{"id":218,"date":"2020-11-09T15:22:31","date_gmt":"2020-11-09T14:22:31","guid":{"rendered":"https:\/\/reha-flex.de\/rehabilitationsklinik-sangerhausen\/?page_id=218"},"modified":"2021-03-18T13:17:14","modified_gmt":"2021-03-18T12:17:14","slug":"warum-eine-tagesklinik","status":"publish","type":"page","link":"https:\/\/reha-flex.de\/rehabilitationsklinik-sangerhausen\/ambulante-reha\/warum-eine-tagesklinik\/","title":{"rendered":"Warum eine Tagesklinik?"},"content":{"rendered":"<div id=\"cmsmasters_row_zw37gbqg4\" class=\"cmsmasters_row cmsmasters_color_scheme_default rehaflex-sidebar-wrapper cmsmasters_row_top_default cmsmasters_row_bot_default cmsmasters_row_boxed\">\n<div class=\"cmsmasters_row_outer_parent\">\n<div class=\"cmsmasters_row_outer\">\n<div class=\"cmsmasters_row_inner\">\n<div class=\"cmsmasters_row_margin\">\n<div id=\"cmsmasters_column_1bcocxgmja\" class=\"cmsmasters_column two_third rehaflex-content-sidebar\">\n<div class=\"cmsmasters_column_inner\"><div id=\"cmsmasters_heading_9334rgcikm\" class=\"cmsmasters_heading_wrap cmsmasters_heading_align_left\">\n\t<h2 class=\"cmsmasters_heading\">Warum eine Tagesklinik?<\/h2>\n<\/div><div class=\"cmsmasters_text\">\n<p><strong>&#8222;Gesund werden ohne auf das Zuhause verzichten zu m\u00fcssen&#8220;<\/strong><\/p>\n<p>Ihre individuelle, indikationsspezifische Therapie erfolgt durch ein qualifiziertes, erfahrenes und interdisziplin\u00e4res Therapeutenteam unter fach\u00e4rztlicher Leitung und Koordina\u00adtion \u2013 und das alles, ohne dass Sie auf Ihr gewohntes h\u00e4usliches Wohnumfeld verzichten m\u00fcssen.<br \/>\nW\u00e4hrend Ihrer ganzt\u00e4gig ambulanten Rehabilita\u00adtionsma\u00dfnahme setzen wir alle Therapiema\u00dfnahmen ein, die es Ihnen erm\u00f6glichen, weitgehend beschwerdefrei und von fremder Hilfe unabh\u00e4ngig in Ihren beruflichen und\/oder privaten Alltag zur\u00fcckzukehren.<br \/>\nIm Rahmen Ihres vier- bis \u2009sechsst\u00fcndigen t\u00e4glichen Aufenthaltes ist im \u00dcbrigen auch f\u00fcr entsprechende Verpflegung gesorgt.<\/p>\n<p>Mit der medizinischen Kompetenz der \u00c4r\u00adz\u00adte, den therapeutischen Quali\u00adt\u00e4ten, dem En\u00adga\u00adge\u00adment und der Freundlichkeit aller \u00adMit\u00adarbeiter sowie der pflegerischen Be\u00adtreu\u00adung sind Sie bei uns in den richtigen H\u00e4nden.<\/p>\n<\/div>\n<div id=\"cmsmasters_divider_l9bjy7b5fv\" class=\"cmsmasters_divider cmsmasters_divider_width_long cmsmasters_divider_pos_center\"><\/div>\n<div id=\"cmsmasters_heading_a8lfljk9xc\" class=\"cmsmasters_heading_wrap cmsmasters_heading_align_left\">\n\t<h2 class=\"cmsmasters_heading\">HINWEISE<\/h2>\n<\/div><div class=\"cmsmasters_text\">\n<p class=\"p1\"><strong>Voraussetzung:<br \/>\n<\/strong>F\u00fcr eine ambulante Rehabilitation muss die pers\u00f6nliche Reha-F\u00e4higkeit und ausreichende Mobilit\u00e4t sowie eine Behandlungszusage\u00a0durch den Kostentr\u00e4ger vorliegen.<\/p>\n<p class=\"p1\"><strong>Therapiedauer:<br \/>\n<\/strong>Die Therapie findet an drei bis f\u00fcnf Tagen in der Woche statt. Eine kontinuierliche \u00e4rztliche Leitung ist jederzeit gew\u00e4hrleistet. Die Gesamtdauer der Behandlung betr\u00e4gt in der Regel drei Wochen. In Einzelf\u00e4llen ist eine Verl\u00e4ngerung nach \u00e4rztlicher Begr\u00fcndung m\u00f6glich.<\/p>\n<p class=\"p1\"><strong>Fahrtkosten:<br \/>\n<\/strong>Die \u00dcbernahme wird von den verschiedenen Kostentr\u00e4gern unterschiedlich gehandhabt und unterliegt h\u00e4ufig gesetzlichen \u00c4nderungen. Sie werden vor Beginn Ihrer Reha-Ma\u00dfnahme \u00fcber den aktuellen Stand aufgekl\u00e4rt.<\/p>\n<\/div>\n<\/div><\/div>\n<div id=\"cmsmasters_column_2s4h5raihs\" class=\"cmsmasters_column one_third rehaflex-sidebar\">\n<div class=\"cmsmasters_column_inner\">\n<div class=\"cmsmasters_sidebar sidebar_layout_11\"><aside id=\"nav_menu-5\" class=\"widget widget_nav_menu\"><h3 class=\"widgettitle\">Ambulante Reha<\/h3><div class=\"menu-reha-flex-ambulante-reha-seiten-navigation-container\"><ul id=\"menu-reha-flex-ambulante-reha-seiten-navigation\" class=\"menu\"><li id=\"menu-item-271\" class=\"menu-item menu-item-type-post_type menu-item-object-page menu-item-271\"><a href=\"https:\/\/reha-flex.de\/rehabilitationsklinik-sangerhausen\/ambulante-reha\/warum-eine-tagesklinik\/\">Warum eine Tagesklinik?<\/a><\/li>\n<li id=\"menu-item-272\" class=\"menu-item menu-item-type-post_type menu-item-object-page menu-item-272\"><a href=\"https:\/\/reha-flex.de\/rehabilitationsklinik-sangerhausen\/ambulante-reha\/aerztliche-leitung\/\">\u00c4rztliche Leitung<\/a><\/li>\n<li id=\"menu-item-273\" class=\"menu-item menu-item-type-post_type menu-item-object-page menu-item-273\"><a href=\"https:\/\/reha-flex.de\/rehabilitationsklinik-sangerhausen\/ambulante-reha\/ablauf-ihrer-reha\/\">Ablauf Ihrer Reha<\/a><\/li>\n<\/ul><\/div><\/aside><div class=\"cl\"><\/div>\n<\/div>\n<\/div><\/div>\n<\/div>\n<\/div>\n<\/div>\n<\/div>\n<\/div>\n\n","protected":false},"excerpt":{"rendered":"","protected":false},"author":1,"featured_media":0,"parent":18,"menu_order":100,"comment_status":"closed","ping_status":"closed","template":"","meta":{"footnotes":""},"class_list":["post-218","page","type-page","status-publish","hentry"],"yoast_head":"<!-- This site is optimized with the Yoast SEO plugin v26.9 - https:\/\/yoast.com\/product\/yoast-seo-wordpress\/ -->\n<title>Warum eine Tagesklinik? - Rehabilitationsklinik Sangerhausen<\/title>\n<meta name=\"robots\" content=\"index, follow, max-snippet:-1, max-image-preview:large, max-video-preview:-1\" \/>\n<link rel=\"canonical\" href=\"https:\/\/reha-flex.de\/rehabilitationsklinik-sangerhausen\/ambulante-reha\/warum-eine-tagesklinik\/\" \/>\n<meta property=\"og:locale\" content=\"de_DE\" \/>\n<meta property=\"og:type\" content=\"article\" \/>\n<meta property=\"og:title\" content=\"Warum eine Tagesklinik? - Rehabilitationsklinik Sangerhausen\" \/>\n<meta property=\"og:url\" content=\"https:\/\/reha-flex.de\/rehabilitationsklinik-sangerhausen\/ambulante-reha\/warum-eine-tagesklinik\/\" \/>\n<meta property=\"og:site_name\" content=\"Rehabilitationsklinik Sangerhausen\" \/>\n<meta property=\"article:modified_time\" content=\"2021-03-18T12:17:14+00:00\" \/>\n<meta name=\"twitter:card\" content=\"summary_large_image\" \/>\n<meta name=\"twitter:label1\" content=\"Gesch\u00e4tzte Lesezeit\" \/>\n\t<meta name=\"twitter:data1\" content=\"2\u00a0Minuten\" \/>\n<script type=\"application\/ld+json\" class=\"yoast-schema-graph\">{\"@context\":\"https:\/\/schema.org\",\"@graph\":[{\"@type\":\"WebPage\",\"@id\":\"https:\/\/reha-flex.de\/rehabilitationsklinik-sangerhausen\/ambulante-reha\/warum-eine-tagesklinik\/\",\"url\":\"https:\/\/reha-flex.de\/rehabilitationsklinik-sangerhausen\/ambulante-reha\/warum-eine-tagesklinik\/\",\"name\":\"Warum eine Tagesklinik? - Rehabilitationsklinik Sangerhausen\",\"isPartOf\":{\"@id\":\"https:\/\/reha-flex.de\/rehabilitationsklinik-sangerhausen\/#website\"},\"datePublished\":\"2020-11-09T14:22:31+00:00\",\"dateModified\":\"2021-03-18T12:17:14+00:00\",\"breadcrumb\":{\"@id\":\"https:\/\/reha-flex.de\/rehabilitationsklinik-sangerhausen\/ambulante-reha\/warum-eine-tagesklinik\/#breadcrumb\"},\"inLanguage\":\"de\",\"potentialAction\":[{\"@type\":\"ReadAction\",\"target\":[\"https:\/\/reha-flex.de\/rehabilitationsklinik-sangerhausen\/ambulante-reha\/warum-eine-tagesklinik\/\"]}]},{\"@type\":\"BreadcrumbList\",\"@id\":\"https:\/\/reha-flex.de\/rehabilitationsklinik-sangerhausen\/ambulante-reha\/warum-eine-tagesklinik\/#breadcrumb\",\"itemListElement\":[{\"@type\":\"ListItem\",\"position\":1,\"name\":\"Startseite\",\"item\":\"https:\/\/reha-flex.de\/rehabilitationsklinik-sangerhausen\/\"},{\"@type\":\"ListItem\",\"position\":2,\"name\":\"Ambulante Reha\",\"item\":\"https:\/\/reha-flex.de\/rehabilitationsklinik-sangerhausen\/ambulante-reha\/\"},{\"@type\":\"ListItem\",\"position\":3,\"name\":\"Warum eine Tagesklinik?\"}]},{\"@type\":\"WebSite\",\"@id\":\"https:\/\/reha-flex.de\/rehabilitationsklinik-sangerhausen\/#website\",\"url\":\"https:\/\/reha-flex.de\/rehabilitationsklinik-sangerhausen\/\",\"name\":\"Rehabilitationsklinik Sangerhausen\",\"description\":\"\",\"potentialAction\":[{\"@type\":\"SearchAction\",\"target\":{\"@type\":\"EntryPoint\",\"urlTemplate\":\"https:\/\/reha-flex.de\/rehabilitationsklinik-sangerhausen\/?s={search_term_string}\"},\"query-input\":{\"@type\":\"PropertyValueSpecification\",\"valueRequired\":true,\"valueName\":\"search_term_string\"}}],\"inLanguage\":\"de\"}]}<\/script>\n<!-- \/ Yoast SEO plugin. -->","yoast_head_json":{"title":"Warum eine Tagesklinik? - Rehabilitationsklinik Sangerhausen","robots":{"index":"index","follow":"follow","max-snippet":"max-snippet:-1","max-image-preview":"max-image-preview:large","max-video-preview":"max-video-preview:-1"},"canonical":"https:\/\/reha-flex.de\/rehabilitationsklinik-sangerhausen\/ambulante-reha\/warum-eine-tagesklinik\/","og_locale":"de_DE","og_type":"article","og_title":"Warum eine Tagesklinik? - Rehabilitationsklinik Sangerhausen","og_url":"https:\/\/reha-flex.de\/rehabilitationsklinik-sangerhausen\/ambulante-reha\/warum-eine-tagesklinik\/","og_site_name":"Rehabilitationsklinik Sangerhausen","article_modified_time":"2021-03-18T12:17:14+00:00","twitter_card":"summary_large_image","twitter_misc":{"Gesch\u00e4tzte Lesezeit":"2\u00a0Minuten"},"schema":{"@context":"https:\/\/schema.org","@graph":[{"@type":"WebPage","@id":"https:\/\/reha-flex.de\/rehabilitationsklinik-sangerhausen\/ambulante-reha\/warum-eine-tagesklinik\/","url":"https:\/\/reha-flex.de\/rehabilitationsklinik-sangerhausen\/ambulante-reha\/warum-eine-tagesklinik\/","name":"Warum eine Tagesklinik? - Rehabilitationsklinik Sangerhausen","isPartOf":{"@id":"https:\/\/reha-flex.de\/rehabilitationsklinik-sangerhausen\/#website"},"datePublished":"2020-11-09T14:22:31+00:00","dateModified":"2021-03-18T12:17:14+00:00","breadcrumb":{"@id":"https:\/\/reha-flex.de\/rehabilitationsklinik-sangerhausen\/ambulante-reha\/warum-eine-tagesklinik\/#breadcrumb"},"inLanguage":"de","potentialAction":[{"@type":"ReadAction","target":["https:\/\/reha-flex.de\/rehabilitationsklinik-sangerhausen\/ambulante-reha\/warum-eine-tagesklinik\/"]}]},{"@type":"BreadcrumbList","@id":"https:\/\/reha-flex.de\/rehabilitationsklinik-sangerhausen\/ambulante-reha\/warum-eine-tagesklinik\/#breadcrumb","itemListElement":[{"@type":"ListItem","position":1,"name":"Startseite","item":"https:\/\/reha-flex.de\/rehabilitationsklinik-sangerhausen\/"},{"@type":"ListItem","position":2,"name":"Ambulante Reha","item":"https:\/\/reha-flex.de\/rehabilitationsklinik-sangerhausen\/ambulante-reha\/"},{"@type":"ListItem","position":3,"name":"Warum eine Tagesklinik?"}]},{"@type":"WebSite","@id":"https:\/\/reha-flex.de\/rehabilitationsklinik-sangerhausen\/#website","url":"https:\/\/reha-flex.de\/rehabilitationsklinik-sangerhausen\/","name":"Rehabilitationsklinik Sangerhausen","description":"","potentialAction":[{"@type":"SearchAction","target":{"@type":"EntryPoint","urlTemplate":"https:\/\/reha-flex.de\/rehabilitationsklinik-sangerhausen\/?s={search_term_string}"},"query-input":{"@type":"PropertyValueSpecification","valueRequired":true,"valueName":"search_term_string"}}],"inLanguage":"de"}]}},"_links":{"self":[{"href":"https:\/\/reha-flex.de\/rehabilitationsklinik-sangerhausen\/wp-json\/wp\/v2\/pages\/218","targetHints":{"allow":["GET"]}}],"collection":[{"href":"https:\/\/reha-flex.de\/rehabilitationsklinik-sangerhausen\/wp-json\/wp\/v2\/pages"}],"about":[{"href":"https:\/\/reha-flex.de\/rehabilitationsklinik-sangerhausen\/wp-json\/wp\/v2\/types\/page"}],"author":[{"embeddable":true,"href":"https:\/\/reha-flex.de\/rehabilitationsklinik-sangerhausen\/wp-json\/wp\/v2\/users\/1"}],"replies":[{"embeddable":true,"href":"https:\/\/reha-flex.de\/rehabilitationsklinik-sangerhausen\/wp-json\/wp\/v2\/comments?post=218"}],"version-history":[{"count":8,"href":"https:\/\/reha-flex.de\/rehabilitationsklinik-sangerhausen\/wp-json\/wp\/v2\/pages\/218\/revisions"}],"predecessor-version":[{"id":870,"href":"https:\/\/reha-flex.de\/rehabilitationsklinik-sangerhausen\/wp-json\/wp\/v2\/pages\/218\/revisions\/870"}],"up":[{"embeddable":true,"href":"https:\/\/reha-flex.de\/rehabilitationsklinik-sangerhausen\/wp-json\/wp\/v2\/pages\/18"}],"wp:attachment":[{"href":"https:\/\/reha-flex.de\/rehabilitationsklinik-sangerhausen\/wp-json\/wp\/v2\/media?parent=218"}],"curies":[{"name":"wp","href":"https:\/\/api.w.org\/{rel}","templated":true}]}}