{"id":468,"date":"2020-11-17T14:50:42","date_gmt":"2020-11-17T13:50:42","guid":{"rendered":"https:\/\/reha-flex.de\/saline-rehabilitationsklinik-halle-saale\/?page_id=468"},"modified":"2021-03-18T12:27:34","modified_gmt":"2021-03-18T11:27:34","slug":"unser-leitbild","status":"publish","type":"page","link":"https:\/\/reha-flex.de\/saline-rehabilitationsklinik-halle-saale\/unsere-klinik\/unser-leitbild\/","title":{"rendered":"Unser Leitbild"},"content":{"rendered":"<div id=\"cmsmasters_row_okpqo46lkg\" class=\"cmsmasters_row cmsmasters_color_scheme_default rehaflex-sidebar-wrapper cmsmasters_row_top_default cmsmasters_row_bot_default cmsmasters_row_boxed\">\n<div class=\"cmsmasters_row_outer_parent\">\n<div class=\"cmsmasters_row_outer\">\n<div class=\"cmsmasters_row_inner\">\n<div class=\"cmsmasters_row_margin\">\n<div id=\"cmsmasters_column_vii3471qy8\" class=\"cmsmasters_column two_third rehaflex-content-sidebar\">\n<div class=\"cmsmasters_column_inner\"><div id=\"cmsmasters_heading_gb0w2h48fr\" class=\"cmsmasters_heading_wrap cmsmasters_heading_align_left\">\n\t<h2 class=\"cmsmasters_heading\">Unser Leitbild<\/h2>\n<\/div><div class=\"cmsmasters_text\">\n<p>&#8222;Zeit f\u00fcr Ihre Gesundheit&#8220; \u2013 das ist unsere Mission. Lesen Sie hier welche Werte und Prinzipien unser Handeln leiten:<\/p>\n<p>&nbsp;<\/p>\n<\/div>\n<div class=\"cmsmasters_toggles toggles_mode_toggle\">\n<div class=\"cmsmasters_toggle_wrap\" data-tags=\"all \">\n<div class=\"cmsmasters_toggle_title\">\n<span class=\"cmsmasters_toggle_plus\">\n<span class=\"cmsmasters_toggle_plus_hor\"><\/span>\n<span class=\"cmsmasters_toggle_plus_vert\"><\/span>\n<\/span>\n<a href=\"#\">Patienten-\/Kundenorientierung <\/a>\n<\/div>\n<div class=\"cmsmasters_toggle\">\n<div class=\"cmsmasters_toggle_inner\">\n<p>Das Ziel des Handelns aller Mitarbeiter ist konsequent auf die Gesundung und Verbesserung der Leistungsf\u00e4higkeit unserer Patienten\/Kunden gerichtet. Basis unseres Handels ist ein medizinisches Behandlungskonzept, welches regelm\u00e4\u00dfig auf seine Wirksamkeit \u00fcberpr\u00fcft sowie von allen Mitarbeitern inhaltlich und therapeutisch einheitlich umgesetzt wird.<br \/>\nWir erfragen die Bed\u00fcrfnisse unserer Patienten\/Kunden und versuchen deren Erwartungen zu erf\u00fcllen. Alle Mitarbeiter treten freundlich und kompetent auf, verf\u00fcgen \u00fcber ein fundiertes Wissen und wenden es zielgerichtet an.<br \/>\nWir pflegen ein partnerschaftliches Verh\u00e4ltnis zu unseren Patienten\/Kunden und zu allen Kooperationspartnern (Kostentr\u00e4ger, \u00c4rzte, Krankenh\u00e4user &#8230; ). Wir betreiben eine seri\u00f6se und selbstbewusste \u00d6ffentlichkeitsarbeit.<\/p>\n<\/div>\n<\/div>\n<\/div><div class=\"cmsmasters_toggle_wrap\" data-tags=\"all \">\n<div class=\"cmsmasters_toggle_title\">\n<span class=\"cmsmasters_toggle_plus\">\n<span class=\"cmsmasters_toggle_plus_hor\"><\/span>\n<span class=\"cmsmasters_toggle_plus_vert\"><\/span>\n<\/span>\n<a href=\"#\"> Einsatz f\u00fcr hervorragende Leistungen <\/a>\n<\/div>\n<div class=\"cmsmasters_toggle\">\n<div class=\"cmsmasters_toggle_inner\">\n<p>Wir bem\u00fchen uns um beste Behand\u00adlungsergebnisse f\u00fcr unsere Patienten\/Kunden. Unsere Mitarbeiter vertiefen ihr Wissen durch internen Erfahrungsaustausch, re\u00adgelm\u00e4\u00dfigen Besuch von Fortbildungen und Mitarbeit an Projekten. Die Klinik ist in regelm\u00e4\u00dfigem Kontakt mit gleichartigen ambulanten Rehabilitationseinrichtungen\u2009und nimmt an Seminaren und Kongressen teil.<\/p>\n<\/div>\n<\/div>\n<\/div><div class=\"cmsmasters_toggle_wrap\" data-tags=\"all \">\n<div class=\"cmsmasters_toggle_title\">\n<span class=\"cmsmasters_toggle_plus\">\n<span class=\"cmsmasters_toggle_plus_hor\"><\/span>\n<span class=\"cmsmasters_toggle_plus_vert\"><\/span>\n<\/span>\n<a href=\"#\">Integrit\u00e4t, Offenheit und Respekt <\/a>\n<\/div>\n<div class=\"cmsmasters_toggle\">\n<div class=\"cmsmasters_toggle_inner\">\n<p>Alle Berufsgruppen der Klinik behandeln sich gegenseitig mit Respekt, Fairness und in einem wertsch\u00e4tzenden Arbeitsklima.<br \/>\nAlle Themen werden offen angesprochen und konstruktiv untereinander kommuniziert. Kritik sehen wir als Chance zur Verbesserung.<br \/>\nAlle Mitarbeiter haben bei Teamberatungen, internen Weiterbildungsveranstaltungen und \u00fcber die verschiedenen Leitungswege bzw. direkte Ansprache an die Gesch\u00e4ftsf\u00fchrung die M\u00f6glichkeit, Einfluss auf Entscheidungsprozesse zu nehmen.<br \/>\nUnsere Mitarbeiter werden rechtzeitig durch offene Informationen in Entscheidungsprozesse einbezogen.<\/p>\n<\/div>\n<\/div>\n<\/div><div class=\"cmsmasters_toggle_wrap\" data-tags=\"all \">\n<div class=\"cmsmasters_toggle_title\">\n<span class=\"cmsmasters_toggle_plus\">\n<span class=\"cmsmasters_toggle_plus_hor\"><\/span>\n<span class=\"cmsmasters_toggle_plus_vert\"><\/span>\n<\/span>\n<a href=\"#\">Wirtschaftliche und soziale Verantwortung <\/a>\n<\/div>\n<div class=\"cmsmasters_toggle\">\n<div class=\"cmsmasters_toggle_inner\">\n<p>Das Ziel der Gesch\u00e4ftsf\u00fchrung ist die langfris\u00adtige Erwirtschaftung positiver finanzieller Ergebnisse und gleichzeitig die dauerhafte Sicherung anspruchsvoller Arbeitspl\u00e4tze. Wir sind ein zuverl\u00e4ssiger und best\u00e4ndiger Partner f\u00fcr Patienten\/\u2009Kunden, Kostentr\u00e4ger und Lieferanten. Wir beobachten und analysieren Marktentwicklungen, um flexibel auf Ver\u00e4nderungen reagieren zu k\u00f6nnen. Die Gesch\u00e4ftsf\u00fchrung nimmt ihre F\u00fcrsorgepflicht f\u00fcr alle Mitarbeiter sehr ernst. Ein professio\u00adnelles Vorgehen zur Vermeidung berufsbedingter Gesundheitssch\u00e4den ist Bestandteil der sozialen Verantwortung. Umweltaspekte, Gesundheitsvorsorge und Arbeitssicherheit ist aktive soziale Verantwortung und integrierter Bestandteil des wirtschaftlichen Erfolges. Ein aktiv betriebener Arbeitsschutz bei reha FLEX soll Arbeitsunf\u00e4higkeiten, Berufskrankheiten sowie arbeitsbedingte Gesundheitsgefahren mindern und durch die Vermeidung von Fehlzeiten und Betriebsst\u00f6rungen die Wettbewerbsf\u00e4higkeit der Klinik verbessern. Zugleich unterst\u00fctzt eine gesundheitsgerechte Gestaltung der Arbeitsbedingungen die Motivation der Mitarbeiter.<\/p>\n<\/div>\n<\/div>\n<\/div><div class=\"cmsmasters_toggle_wrap\" data-tags=\"all \">\n<div class=\"cmsmasters_toggle_title\">\n<span class=\"cmsmasters_toggle_plus\">\n<span class=\"cmsmasters_toggle_plus_hor\"><\/span>\n<span class=\"cmsmasters_toggle_plus_vert\"><\/span>\n<\/span>\n<a href=\"#\"> Begeisterte und eigenverantwortlich handelnde Mitarbeiter<\/a>\n<\/div>\n<div class=\"cmsmasters_toggle\">\n<div class=\"cmsmasters_toggle_inner\">\n<p>Auf der Basis angemessener Rahmenbedingungen sowie gemeinsamer positiver und realisierbarer Qualit\u00e4tsziele identifizieren sich alle Mitarbeiter mit Ihrer Arbeit und setzen sich leidenschaftlich daf\u00fcr ein.<br \/>\nWir kennen die F\u00e4higkeiten unserer Mitarbeiter und setzen sie dementsprechend ein, unterst\u00fctzen sie und f\u00f6rdern ihren beruflichen Erfolg. Wir haben Vertrauen in unsere Mitarbeiter.<br \/>\nJeder Mitarbeiter hat pers\u00f6nliche Verantwortung und Anteil am Behandlungserfolg des Patienten\u2009\/\u2009Kunden und tr\u00e4gt somit wesentlich zum \u201eguten Ruf\u201c der Reha-Klinik bei.<br \/>\nJeder Mitarbeiter trifft im Rahmen des Therapiekonzeptes sowie seiner pers\u00f6nlichen fachlichen Kompetenz tagt\u00e4glich eigenverantwortlich Entscheidungen f\u00fcr den Gesundungsprozess seines Patien\u00adten\u2009\/\u2009Kunden.<br \/>\nDie Reha-Klinik verf\u00fcgt und f\u00f6rdert berufs\u00adgrup\u00adpen\u00ad\u00fcbergreifende Projekte\u2009und\u2009Qualit\u00e4ts\u00adzirkel.<br \/>\nJeder Mitarbeiter geht pfleglich und sparsam mit Ressourcen um.<\/p>\n<\/div>\n<\/div>\n<\/div><\/div>\n<\/div><\/div>\n<div id=\"cmsmasters_column_5v8788oe8d\" class=\"cmsmasters_column one_third rehaflex-sidebar\">\n<div class=\"cmsmasters_column_inner\">\n<div class=\"cmsmasters_sidebar sidebar_layout_11\"><aside id=\"nav_menu-7\" class=\"widget widget_nav_menu\"><h3 class=\"widgettitle\">Unsere Klinik<\/h3><div class=\"menu-reha-flex-unsere-klinik-sidebar-container\"><ul id=\"menu-reha-flex-unsere-klinik-sidebar\" class=\"menu\"><li id=\"menu-item-483\" class=\"menu-item menu-item-type-post_type menu-item-object-page menu-item-483\"><a href=\"https:\/\/reha-flex.de\/saline-rehabilitationsklinik-halle-saale\/unsere-klinik\/aktuelles\/\">Aktuelles<\/a><\/li>\n<li id=\"menu-item-2063\" class=\"menu-item menu-item-type-post_type menu-item-object-page menu-item-2063\"><a href=\"https:\/\/reha-flex.de\/saline-rehabilitationsklinik-halle-saale\/unsere-klinik\/komm-in-unser-team\/\">Jobs\/Karriere<\/a><\/li>\n<li id=\"menu-item-2061\" class=\"menu-item menu-item-type-post_type menu-item-object-page menu-item-2061\"><a href=\"https:\/\/reha-flex.de\/saline-rehabilitationsklinik-halle-saale\/unsere-klinik\/praktika\/\">Praktika<\/a><\/li>\n<li id=\"menu-item-2255\" class=\"menu-item menu-item-type-post_type menu-item-object-page menu-item-2255\"><a href=\"https:\/\/reha-flex.de\/saline-rehabilitationsklinik-halle-saale\/unsere-klinik\/hinter-den-kulissen\/\">Hinter den Kulissen<\/a><\/li>\n<li id=\"menu-item-1766\" class=\"menu-item menu-item-type-post_type menu-item-object-page menu-item-1766\"><a href=\"https:\/\/reha-flex.de\/saline-rehabilitationsklinik-halle-saale\/unsere-klinik\/der-chefarzt-raet\/\">Der Chefarzt r\u00e4t<\/a><\/li>\n<li id=\"menu-item-471\" class=\"menu-item menu-item-type-post_type menu-item-object-page menu-item-471\"><a href=\"https:\/\/reha-flex.de\/saline-rehabilitationsklinik-halle-saale\/unsere-klinik\/unser-team\/\">Unser Team<\/a><\/li>\n<li id=\"menu-item-470\" class=\"menu-item menu-item-type-post_type menu-item-object-page menu-item-470\"><a href=\"https:\/\/reha-flex.de\/saline-rehabilitationsklinik-halle-saale\/unsere-klinik\/unser-leitbild\/\">Unser Leitbild<\/a><\/li>\n<li id=\"menu-item-474\" class=\"menu-item menu-item-type-post_type menu-item-object-page menu-item-474\"><a href=\"https:\/\/reha-flex.de\/saline-rehabilitationsklinik-halle-saale\/unsere-klinik\/historie\/\">Historie<\/a><\/li>\n<\/ul><\/div><\/aside><div class=\"cl\"><\/div>\n<\/div>\n<\/div><\/div>\n<\/div>\n<\/div>\n<\/div>\n<\/div>\n<\/div>\n\n","protected":false},"excerpt":{"rendered":"","protected":false},"author":1,"featured_media":0,"parent":30,"menu_order":400,"comment_status":"closed","ping_status":"closed","template":"","meta":{"footnotes":""},"class_list":["post-468","page","type-page","status-publish","hentry"],"yoast_head":"<!-- This site is optimized with the Yoast SEO plugin v26.9 - https:\/\/yoast.com\/product\/yoast-seo-wordpress\/ -->\n<title>Unser Leitbild - Saline Rehabilitationsklinik Halle (Saale)<\/title>\n<meta name=\"robots\" content=\"index, follow, max-snippet:-1, max-image-preview:large, max-video-preview:-1\" \/>\n<link rel=\"canonical\" href=\"https:\/\/reha-flex.de\/saline-rehabilitationsklinik-halle-saale\/unsere-klinik\/unser-leitbild\/\" \/>\n<meta property=\"og:locale\" content=\"de_DE\" \/>\n<meta property=\"og:type\" content=\"article\" \/>\n<meta property=\"og:title\" content=\"Unser Leitbild - Saline Rehabilitationsklinik Halle (Saale)\" \/>\n<meta property=\"og:url\" content=\"https:\/\/reha-flex.de\/saline-rehabilitationsklinik-halle-saale\/unsere-klinik\/unser-leitbild\/\" \/>\n<meta property=\"og:site_name\" content=\"Saline Rehabilitationsklinik Halle (Saale)\" \/>\n<meta property=\"article:modified_time\" content=\"2021-03-18T11:27:34+00:00\" \/>\n<meta name=\"twitter:card\" content=\"summary_large_image\" \/>\n<meta name=\"twitter:label1\" content=\"Gesch\u00e4tzte Lesezeit\" \/>\n\t<meta name=\"twitter:data1\" content=\"4\u00a0Minuten\" \/>\n<script type=\"application\/ld+json\" class=\"yoast-schema-graph\">{\"@context\":\"https:\/\/schema.org\",\"@graph\":[{\"@type\":\"WebPage\",\"@id\":\"https:\/\/reha-flex.de\/saline-rehabilitationsklinik-halle-saale\/unsere-klinik\/unser-leitbild\/\",\"url\":\"https:\/\/reha-flex.de\/saline-rehabilitationsklinik-halle-saale\/unsere-klinik\/unser-leitbild\/\",\"name\":\"Unser Leitbild - Saline Rehabilitationsklinik Halle (Saale)\",\"isPartOf\":{\"@id\":\"https:\/\/reha-flex.de\/saline-rehabilitationsklinik-halle-saale\/#website\"},\"datePublished\":\"2020-11-17T13:50:42+00:00\",\"dateModified\":\"2021-03-18T11:27:34+00:00\",\"breadcrumb\":{\"@id\":\"https:\/\/reha-flex.de\/saline-rehabilitationsklinik-halle-saale\/unsere-klinik\/unser-leitbild\/#breadcrumb\"},\"inLanguage\":\"de\",\"potentialAction\":[{\"@type\":\"ReadAction\",\"target\":[\"https:\/\/reha-flex.de\/saline-rehabilitationsklinik-halle-saale\/unsere-klinik\/unser-leitbild\/\"]}]},{\"@type\":\"BreadcrumbList\",\"@id\":\"https:\/\/reha-flex.de\/saline-rehabilitationsklinik-halle-saale\/unsere-klinik\/unser-leitbild\/#breadcrumb\",\"itemListElement\":[{\"@type\":\"ListItem\",\"position\":1,\"name\":\"Startseite\",\"item\":\"https:\/\/reha-flex.de\/saline-rehabilitationsklinik-halle-saale\/\"},{\"@type\":\"ListItem\",\"position\":2,\"name\":\"Unsere Klinik\",\"item\":\"https:\/\/reha-flex.de\/saline-rehabilitationsklinik-halle-saale\/unsere-klinik\/\"},{\"@type\":\"ListItem\",\"position\":3,\"name\":\"Unser Leitbild\"}]},{\"@type\":\"WebSite\",\"@id\":\"https:\/\/reha-flex.de\/saline-rehabilitationsklinik-halle-saale\/#website\",\"url\":\"https:\/\/reha-flex.de\/saline-rehabilitationsklinik-halle-saale\/\",\"name\":\"Saline Rehabilitationsklinik Halle (Saale)\",\"description\":\"\",\"potentialAction\":[{\"@type\":\"SearchAction\",\"target\":{\"@type\":\"EntryPoint\",\"urlTemplate\":\"https:\/\/reha-flex.de\/saline-rehabilitationsklinik-halle-saale\/?s={search_term_string}\"},\"query-input\":{\"@type\":\"PropertyValueSpecification\",\"valueRequired\":true,\"valueName\":\"search_term_string\"}}],\"inLanguage\":\"de\"}]}<\/script>\n<!-- \/ Yoast SEO plugin. -->","yoast_head_json":{"title":"Unser Leitbild - Saline Rehabilitationsklinik Halle (Saale)","robots":{"index":"index","follow":"follow","max-snippet":"max-snippet:-1","max-image-preview":"max-image-preview:large","max-video-preview":"max-video-preview:-1"},"canonical":"https:\/\/reha-flex.de\/saline-rehabilitationsklinik-halle-saale\/unsere-klinik\/unser-leitbild\/","og_locale":"de_DE","og_type":"article","og_title":"Unser Leitbild - Saline Rehabilitationsklinik Halle (Saale)","og_url":"https:\/\/reha-flex.de\/saline-rehabilitationsklinik-halle-saale\/unsere-klinik\/unser-leitbild\/","og_site_name":"Saline Rehabilitationsklinik Halle (Saale)","article_modified_time":"2021-03-18T11:27:34+00:00","twitter_card":"summary_large_image","twitter_misc":{"Gesch\u00e4tzte Lesezeit":"4\u00a0Minuten"},"schema":{"@context":"https:\/\/schema.org","@graph":[{"@type":"WebPage","@id":"https:\/\/reha-flex.de\/saline-rehabilitationsklinik-halle-saale\/unsere-klinik\/unser-leitbild\/","url":"https:\/\/reha-flex.de\/saline-rehabilitationsklinik-halle-saale\/unsere-klinik\/unser-leitbild\/","name":"Unser Leitbild - Saline Rehabilitationsklinik Halle (Saale)","isPartOf":{"@id":"https:\/\/reha-flex.de\/saline-rehabilitationsklinik-halle-saale\/#website"},"datePublished":"2020-11-17T13:50:42+00:00","dateModified":"2021-03-18T11:27:34+00:00","breadcrumb":{"@id":"https:\/\/reha-flex.de\/saline-rehabilitationsklinik-halle-saale\/unsere-klinik\/unser-leitbild\/#breadcrumb"},"inLanguage":"de","potentialAction":[{"@type":"ReadAction","target":["https:\/\/reha-flex.de\/saline-rehabilitationsklinik-halle-saale\/unsere-klinik\/unser-leitbild\/"]}]},{"@type":"BreadcrumbList","@id":"https:\/\/reha-flex.de\/saline-rehabilitationsklinik-halle-saale\/unsere-klinik\/unser-leitbild\/#breadcrumb","itemListElement":[{"@type":"ListItem","position":1,"name":"Startseite","item":"https:\/\/reha-flex.de\/saline-rehabilitationsklinik-halle-saale\/"},{"@type":"ListItem","position":2,"name":"Unsere Klinik","item":"https:\/\/reha-flex.de\/saline-rehabilitationsklinik-halle-saale\/unsere-klinik\/"},{"@type":"ListItem","position":3,"name":"Unser Leitbild"}]},{"@type":"WebSite","@id":"https:\/\/reha-flex.de\/saline-rehabilitationsklinik-halle-saale\/#website","url":"https:\/\/reha-flex.de\/saline-rehabilitationsklinik-halle-saale\/","name":"Saline Rehabilitationsklinik Halle (Saale)","description":"","potentialAction":[{"@type":"SearchAction","target":{"@type":"EntryPoint","urlTemplate":"https:\/\/reha-flex.de\/saline-rehabilitationsklinik-halle-saale\/?s={search_term_string}"},"query-input":{"@type":"PropertyValueSpecification","valueRequired":true,"valueName":"search_term_string"}}],"inLanguage":"de"}]}},"_links":{"self":[{"href":"https:\/\/reha-flex.de\/saline-rehabilitationsklinik-halle-saale\/wp-json\/wp\/v2\/pages\/468","targetHints":{"allow":["GET"]}}],"collection":[{"href":"https:\/\/reha-flex.de\/saline-rehabilitationsklinik-halle-saale\/wp-json\/wp\/v2\/pages"}],"about":[{"href":"https:\/\/reha-flex.de\/saline-rehabilitationsklinik-halle-saale\/wp-json\/wp\/v2\/types\/page"}],"author":[{"embeddable":true,"href":"https:\/\/reha-flex.de\/saline-rehabilitationsklinik-halle-saale\/wp-json\/wp\/v2\/users\/1"}],"replies":[{"embeddable":true,"href":"https:\/\/reha-flex.de\/saline-rehabilitationsklinik-halle-saale\/wp-json\/wp\/v2\/comments?post=468"}],"version-history":[{"count":16,"href":"https:\/\/reha-flex.de\/saline-rehabilitationsklinik-halle-saale\/wp-json\/wp\/v2\/pages\/468\/revisions"}],"predecessor-version":[{"id":1260,"href":"https:\/\/reha-flex.de\/saline-rehabilitationsklinik-halle-saale\/wp-json\/wp\/v2\/pages\/468\/revisions\/1260"}],"up":[{"embeddable":true,"href":"https:\/\/reha-flex.de\/saline-rehabilitationsklinik-halle-saale\/wp-json\/wp\/v2\/pages\/30"}],"wp:attachment":[{"href":"https:\/\/reha-flex.de\/saline-rehabilitationsklinik-halle-saale\/wp-json\/wp\/v2\/media?parent=468"}],"curies":[{"name":"wp","href":"https:\/\/api.w.org\/{rel}","templated":true}]}}