{"id":631,"date":"2020-11-25T15:56:18","date_gmt":"2020-11-25T14:56:18","guid":{"rendered":"https:\/\/reha-flex.de\/saline-rehabilitationsklinik-halle-saale\/?page_id=631"},"modified":"2022-08-17T11:43:24","modified_gmt":"2022-08-17T09:43:24","slug":"weitere-angebote","status":"publish","type":"page","link":"https:\/\/reha-flex.de\/saline-rehabilitationsklinik-halle-saale\/therapieangebote\/weitere-angebote\/","title":{"rendered":"Weitere Angebote"},"content":{"rendered":"<div id=\"cmsmasters_row_\" class=\"cmsmasters_row cmsmasters_color_scheme_default cmsmasters_row_top_default cmsmasters_row_bot_default cmsmasters_row_fullwidth\">\n<div class=\"cmsmasters_row_outer_parent\">\n<div class=\"cmsmasters_row_outer\">\n<div class=\"cmsmasters_row_inner cmsmasters_row_fullwidth\">\n<div class=\"cmsmasters_row_margin\">\n<div id=\"cmsmasters_column_\" class=\"cmsmasters_column one_first\">\n<div class=\"cmsmasters_column_inner\">\n<div class=\"cmsmasters_slider\">\n\t\t\t<!-- START reha FLEXSlider Wohlf\u00fchlen REVOLUTION SLIDER 6.7.40 --><p class=\"rs-p-wp-fix\"><\/p>\n\t\t\t<rs-module-wrap id=\"rev_slider_6_1_wrapper\" data-source=\"gallery\" style=\"visibility:hidden;background:transparent;padding:0;margin:0px auto;margin-top:0;margin-bottom:0;\">\n\t\t\t\t<rs-module id=\"rev_slider_6_1\" style=\"\" data-version=\"6.7.40\">\n\t\t\t\t\t<rs-slides style=\"overflow: hidden; position: absolute;\">\n\t\t\t\t\t\t<rs-slide style=\"position: absolute;\" data-key=\"rs-49\" data-title=\"reha FLEX-Slider Wohlf\u00fchlen\" data-thumb=\"\/\/reha-flex.de\/saline-rehabilitationsklinik-halle-saale\/wp-content\/uploads\/sites\/2\/2020\/10\/Wohlbefinden-Spa-Ruheraum.jpg\" data-anim=\"ms:1000;r:0;\" data-in=\"o:0;\" data-out=\"a:false;\">\n\t\t\t\t\t\t\t<img decoding=\"async\" src=\"\/\/reha-flex.de\/wp-content\/plugins\/revslider\/sr6\/assets\/assets\/dummy.png\" alt=\"\" title=\"Wohlbefinden Ruheraum\" width=\"1920\" height=\"1266\" class=\"rev-slidebg tp-rs-img rs-lazyload\" data-lazyload=\"\/\/reha-flex.de\/saline-rehabilitationsklinik-halle-saale\/wp-content\/uploads\/sites\/2\/2020\/10\/Wohlbefinden-Spa-Ruheraum.jpg\" data-no-retina>\n<!---->\t\t\t\t\t<\/rs-slide>\n\t\t\t\t\t\t<rs-slide style=\"position: absolute;\" data-key=\"rs-44\" data-title=\"Slide\" data-thumb=\"\/\/reha-flex.de\/wp-content\/uploads\/sites\/2\/2025\/12\/Babyschwimmen-100x50.jpg\" data-anim=\"adpr:false;ms:600;\" data-in=\"o:0;\" data-out=\"a:false;\">\n\t\t\t\t\t\t\t<img decoding=\"async\" src=\"\/\/reha-flex.de\/wp-content\/plugins\/revslider\/sr6\/assets\/assets\/dummy.png\" alt=\"\" title=\"Babyschwimmen\" width=\"1920\" height=\"1242\" class=\"rev-slidebg tp-rs-img rs-lazyload\" data-lazyload=\"\/\/reha-flex.de\/wp-content\/uploads\/sites\/2\/2025\/12\/Babyschwimmen.jpg\" data-bg=\"p:0% 92%;\" data-no-retina>\n<!---->\t\t\t\t\t<\/rs-slide>\n\t\t\t\t\t\t<rs-slide style=\"position: absolute;\" data-key=\"rs-50\" data-title=\"Slide\" data-thumb=\"\/\/reha-flex.de\/wp-content\/uploads\/sites\/2\/2025\/12\/BIA-Messung-100x50.jpg\" data-anim=\"adpr:false;\" data-in=\"o:0;\" data-out=\"a:false;\">\n\t\t\t\t\t\t\t<img decoding=\"async\" src=\"\/\/reha-flex.de\/wp-content\/plugins\/revslider\/sr6\/assets\/assets\/dummy.png\" alt=\"\" title=\"BIA-Messung\" width=\"1920\" height=\"1242\" class=\"rev-slidebg tp-rs-img rs-lazyload\" data-lazyload=\"\/\/reha-flex.de\/wp-content\/uploads\/sites\/2\/2025\/12\/BIA-Messung.jpg\" data-bg=\"p:0% 30%;\" data-no-retina>\n<!---->\t\t\t\t\t<\/rs-slide>\n\t\t\t\t\t\t<rs-slide style=\"position: absolute;\" data-key=\"rs-51\" data-title=\"Slide\" data-thumb=\"\/\/reha-flex.de\/saline-rehabilitationsklinik-halle-saale\/wp-content\/uploads\/sites\/2\/2021\/01\/Spa-Becken.jpg\" data-anim=\"ms:1000;r:0;\" data-in=\"o:0;\" data-out=\"a:false;\">\n\t\t\t\t\t\t\t<img decoding=\"async\" src=\"\/\/reha-flex.de\/wp-content\/plugins\/revslider\/sr6\/assets\/assets\/dummy.png\" alt=\"Spa-Bereich Becken\" title=\"Spa-Bereich Becken\" width=\"1920\" height=\"1272\" class=\"rev-slidebg tp-rs-img rs-lazyload\" data-lazyload=\"\/\/reha-flex.de\/saline-rehabilitationsklinik-halle-saale\/wp-content\/uploads\/sites\/2\/2021\/01\/Spa-Becken.jpg\" data-no-retina>\n<!---->\t\t\t\t\t<\/rs-slide>\n\t\t\t\t\t\t<rs-slide style=\"position: absolute;\" data-key=\"rs-48\" data-title=\"Slide\" data-thumb=\"\/\/reha-flex.de\/wp-content\/uploads\/sites\/2\/2025\/12\/Medyjet-100x50.jpg\" data-anim=\"adpr:false;\" data-in=\"o:0;\" data-out=\"a:false;\">\n\t\t\t\t\t\t\t<img decoding=\"async\" src=\"\/\/reha-flex.de\/wp-content\/plugins\/revslider\/sr6\/assets\/assets\/dummy.png\" alt=\"\" title=\"Medyjet\" width=\"1920\" height=\"1242\" class=\"rev-slidebg tp-rs-img rs-lazyload\" data-lazyload=\"\/\/reha-flex.de\/wp-content\/uploads\/sites\/2\/2025\/12\/Medyjet.jpg\" data-no-retina>\n<!---->\t\t\t\t\t<\/rs-slide>\n\t\t\t\t\t<\/rs-slides>\n\t\t\t\t<\/rs-module>\n\t\t\t\t<script>\n\t\t\t\t\tsetREVStartSize({c: 'rev_slider_6_1',rl:[1240,1024,778,480],el:[800,768,960,720],gw:[1920,1024,778,480],gh:[800,500,450,300],type:'standard',justify:'',layout:'fullwidth',mh:\"0\"});if (window.RS_MODULES!==undefined && window.RS_MODULES.modules!==undefined && window.RS_MODULES.modules[\"revslider61\"]!==undefined) {window.RS_MODULES.modules[\"revslider61\"].once = false;window.revapi6 = undefined;if (window.RS_MODULES.checkMinimal!==undefined) window.RS_MODULES.checkMinimal()}\n\t\t\t\t<\/script>\n\t\t\t<\/rs-module-wrap>\n\t\t\t<!-- END REVOLUTION SLIDER -->\n<\/div>\n<\/div><\/div>\n<\/div>\n<\/div>\n<\/div>\n<\/div>\n<\/div>\n<div id=\"cmsmasters_row_p16e3dyee9\" class=\"cmsmasters_row cmsmasters_color_scheme_default rehaflex-sidebar-wrapper cmsmasters_row_top_default cmsmasters_row_bot_default cmsmasters_row_boxed\">\n<div class=\"cmsmasters_row_outer_parent\">\n<div class=\"cmsmasters_row_outer\">\n<div class=\"cmsmasters_row_inner\">\n<div class=\"cmsmasters_row_margin\">\n<div id=\"cmsmasters_column_qwyn6o8yjf\" class=\"cmsmasters_column two_third rehaflex-content-sidebar\">\n<div class=\"cmsmasters_column_inner\"><div id=\"cmsmasters_heading_yrx20whfpa\" class=\"cmsmasters_heading_wrap cmsmasters_heading_align_left\">\n\t<h2 class=\"cmsmasters_heading\">Medizinische Trainingstherapie<\/h2>\n<\/div><div class=\"cmsmasters_text\">\n<p class=\"p1\">Vor allem Bewegungsmangel und ungesunde Ern\u00e4hrung k\u00f6nnen zu Erkrankungen f\u00fchren.<br \/>\nSie haben die Chance, selbst etwas dagegen zu unternehmen. Ihre individuelle Therapie an speziellen Trainingsger\u00e4ten.<br \/>\n<strong>10er-Karte<\/strong> (10 Einheiten \u00e0 90 Min.)<\/p>\n<p>&nbsp;<\/p>\n<p><a href=\"https:\/\/reha-flex.de\/saline-rehabilitationsklinik-halle-saale\/angebote-kurse\/medizinische-trainingstherapie\/\" target=\"_blank\" rel=\"noopener\">Hier geht&#8217;s zum Kurs<\/a><\/p>\n<\/div>\n<div id=\"cmsmasters_divider_ebzvwp7fgf\" class=\"cmsmasters_divider cmsmasters_divider_width_long cmsmasters_divider_pos_center\"><\/div>\n<div id=\"cmsmasters_heading_etdbgvcm6m\" class=\"cmsmasters_heading_wrap cmsmasters_heading_align_left wohlbefinden\">\n\t<h2 class=\"cmsmasters_heading\">Baby- und Kleinkindschwimmen<\/h2>\n<\/div><div class=\"cmsmasters_text\">\n<p class=\"p1\">Sehr gro\u00dfer Beliebtheit erfreut sich das Baby- und Kleinkindschwimmen. F\u00fcr den 4 bis 24 Monate \u00adalten Nachwuchs werden zu unterschiedlichen Zeiten Kurse unter therapeutischer Anleitung im Bewegungsbecken von reha FLEX angeboten. In den zehn Kurseinheiten zu je 30 Minuten soll den Kleinen die Angst vor dem Nass genommen sowie Freude und Spa\u00df am Wasser vermittelt werden. Gleichzeitig f\u00f6rdert der Kurs den Bewegungsdrang und das Bewegungsgef\u00fchl sowie das fr\u00fchkindliche Lernverhalten.<\/p>\n<p><strong><a href=\"https:\/\/reha-flex.de\/saline-rehabilitationsklinik-halle-saale\/angebote-kurse\/baby-und-kleinkinderschwimmen\/\">Hier geht&#8217;s zum Kurs<\/a><\/strong><\/p>\n<\/div>\n<div id=\"cmsmasters_divider_sg8ccm8zi\" class=\"cmsmasters_divider cmsmasters_divider_width_long cmsmasters_divider_pos_center\"><\/div>\n<div id=\"cmsmasters_heading_0pfxzg57b9\" class=\"cmsmasters_heading_wrap cmsmasters_heading_align_left wohlbefinden\">\n\t<h2 class=\"cmsmasters_heading\">BIA-Messung<\/h2>\n<\/div><div class=\"cmsmasters_text\">\n<p>Die <b>Bioelektrische Impedanzanalyse<\/b> (<b>BIA<\/b>) dient der Bestimmung der K\u00f6rperzusammensetzung, dabei werden neben dem K\u00f6rperfett auch K\u00f6rperwasser, fettfreie Masse und Muskelmasse ermittelt. Die segmentale Verteilung der Muskulatur sowie das viszerale Fett geben wichtige Hinweise auf das Trainings- und Ern\u00e4hrungsverhalten.<\/p>\n<\/div>\n<div id=\"cmsmasters_divider_9jdxt56ufp\" class=\"cmsmasters_divider cmsmasters_divider_width_long cmsmasters_divider_pos_center\"><\/div>\n<div id=\"cmsmasters_heading_08lin313z\" class=\"cmsmasters_heading_wrap cmsmasters_heading_align_left wohlbefinden\">\n\t<h2 class=\"cmsmasters_heading\">Wohlf\u00fchlbereich<\/h2>\n<\/div><div class=\"cmsmasters_text\">\n<p class=\"p1\"><span class=\"s1\">In unserem Wohlf\u00fchlbereich bieten wir Ihnen viele verschiedene Behandlungen an. Genie\u00dfen Sie z. B. e<\/span>ine wohltuende, sanfte, regenerierende Ganzk\u00f6rpermassage<span class=\"Apple-converted-space\"> oder st\u00e4rken Sie Ihr<\/span><span class=\"s1\"> Immunsystem mit einer Lymphdrainage (Entschlackung und Entgiftung). <\/span>Ein gro\u00dfz\u00fcgiger Ruheraum mit Freiterrasse und Kneippsche Anwendungen runden das Angebot ab.<\/p>\n<\/div>\n<div id=\"cmsmasters_divider_syc0n987u\" class=\"cmsmasters_divider cmsmasters_divider_width_long cmsmasters_divider_pos_center\"><\/div>\n<div id=\"cmsmasters_heading_2m1ubv4hp\" class=\"cmsmasters_heading_wrap cmsmasters_heading_align_left wohlbefinden\">\n\t<h2 class=\"cmsmasters_heading\">Cafeteria<\/h2>\n<\/div><div class=\"cmsmasters_text\">\n<p class=\"p1\"><span class=\"s1\">In unserer Cafeteria halten wir f\u00fcr Sie ein kleines Imbissangebot mit verschiedenen Kaffee- und Teesorten, Snacks und alkohol\u00adfreien Getr\u00e4nken f\u00fcr den kleinen Hunger und Durst zwischendurch parat, damit Sie Ihre Pausen angenehm verbringen k\u00f6nnen. Unsere gem\u00fctliche Terrasse l\u00e4dt Sie zu einem Plauderst\u00fcndchen oder zu einer Entspannungspause w\u00e4hrend Ihres Rehabilitationsprogramms ein.<\/span><\/p>\n<\/div>\n<\/div><\/div>\n<div id=\"cmsmasters_column_lmwtjb3fqx\" class=\"cmsmasters_column one_third rehaflex-sidebar\">\n<div class=\"cmsmasters_column_inner\">\n<div class=\"cmsmasters_sidebar sidebar_layout_11\"><aside id=\"nav_menu-6\" class=\"widget widget_nav_menu\"><h3 class=\"widgettitle\">Therapie-Angebote<\/h3><div class=\"menu-reha-flex-therapieangebote-sidebar-container\"><ul id=\"menu-reha-flex-therapieangebote-sidebar\" class=\"menu\"><li id=\"menu-item-455\" class=\"menu-item menu-item-type-post_type menu-item-object-page menu-item-455\"><a href=\"https:\/\/reha-flex.de\/saline-rehabilitationsklinik-halle-saale\/therapieangebote\/praxis-fuer-physiotherapie\/\">Praxis f\u00fcr Physiotherapie<\/a><\/li>\n<li id=\"menu-item-456\" class=\"menu-item menu-item-type-post_type menu-item-object-page menu-item-456\"><a href=\"https:\/\/reha-flex.de\/saline-rehabilitationsklinik-halle-saale\/therapieangebote\/praxis-fuer-ergotherapie\/\">Praxis f\u00fcr Ergotherapie<\/a><\/li>\n<li id=\"menu-item-457\" class=\"menu-item menu-item-type-post_type menu-item-object-page menu-item-457\"><a href=\"https:\/\/reha-flex.de\/saline-rehabilitationsklinik-halle-saale\/therapieangebote\/praxis-fuer-osteopathie\/\">Praxis f\u00fcr Osteopathie<\/a><\/li>\n<li id=\"menu-item-459\" class=\"menu-item menu-item-type-post_type menu-item-object-page menu-item-459\"><a href=\"https:\/\/reha-flex.de\/saline-rehabilitationsklinik-halle-saale\/therapieangebote\/praxis-fuer-orthopaedie\/\">Facharztpraxis f\u00fcr Orthop\u00e4die<\/a><\/li>\n<li id=\"menu-item-458\" class=\"menu-item menu-item-type-post_type menu-item-object-page menu-item-458\"><a href=\"https:\/\/reha-flex.de\/saline-rehabilitationsklinik-halle-saale\/therapieangebote\/ambulante-ernaehrungsberatung\/\">Ambulante Ern\u00e4hrungsberatung<\/a><\/li>\n<li id=\"menu-item-804\" class=\"menu-item menu-item-type-post_type menu-item-object-page menu-item-804\"><a href=\"https:\/\/reha-flex.de\/saline-rehabilitationsklinik-halle-saale\/therapieangebote\/weitere-angebote\/\">Weitere Angebote<\/a><\/li>\n<\/ul><\/div><\/aside><div class=\"cl\"><\/div>\n<\/div>\n<\/div><\/div>\n<\/div>\n<\/div>\n<\/div>\n<\/div>\n<\/div>\n\n","protected":false},"excerpt":{"rendered":"","protected":false},"author":2,"featured_media":0,"parent":24,"menu_order":200,"comment_status":"closed","ping_status":"closed","template":"","meta":{"footnotes":""},"class_list":["post-631","page","type-page","status-publish","hentry"],"yoast_head":"<!-- This site is optimized with the Yoast SEO plugin v26.9 - https:\/\/yoast.com\/product\/yoast-seo-wordpress\/ -->\n<title>Weitere Angebote - Saline Rehabilitationsklinik Halle (Saale)<\/title>\n<meta name=\"robots\" content=\"index, follow, max-snippet:-1, max-image-preview:large, max-video-preview:-1\" \/>\n<link rel=\"canonical\" href=\"https:\/\/reha-flex.de\/saline-rehabilitationsklinik-halle-saale\/therapieangebote\/weitere-angebote\/\" \/>\n<meta property=\"og:locale\" content=\"de_DE\" \/>\n<meta property=\"og:type\" content=\"article\" \/>\n<meta property=\"og:title\" content=\"Weitere Angebote - Saline Rehabilitationsklinik Halle (Saale)\" \/>\n<meta property=\"og:url\" content=\"https:\/\/reha-flex.de\/saline-rehabilitationsklinik-halle-saale\/therapieangebote\/weitere-angebote\/\" \/>\n<meta property=\"og:site_name\" content=\"Saline Rehabilitationsklinik Halle (Saale)\" \/>\n<meta property=\"article:modified_time\" content=\"2022-08-17T09:43:24+00:00\" \/>\n<meta name=\"twitter:card\" content=\"summary_large_image\" \/>\n<meta name=\"twitter:label1\" content=\"Gesch\u00e4tzte Lesezeit\" \/>\n\t<meta name=\"twitter:data1\" content=\"3\u00a0Minuten\" \/>\n<script type=\"application\/ld+json\" class=\"yoast-schema-graph\">{\"@context\":\"https:\/\/schema.org\",\"@graph\":[{\"@type\":\"WebPage\",\"@id\":\"https:\/\/reha-flex.de\/saline-rehabilitationsklinik-halle-saale\/therapieangebote\/weitere-angebote\/\",\"url\":\"https:\/\/reha-flex.de\/saline-rehabilitationsklinik-halle-saale\/therapieangebote\/weitere-angebote\/\",\"name\":\"Weitere Angebote - Saline Rehabilitationsklinik Halle (Saale)\",\"isPartOf\":{\"@id\":\"https:\/\/reha-flex.de\/saline-rehabilitationsklinik-halle-saale\/#website\"},\"datePublished\":\"2020-11-25T14:56:18+00:00\",\"dateModified\":\"2022-08-17T09:43:24+00:00\",\"breadcrumb\":{\"@id\":\"https:\/\/reha-flex.de\/saline-rehabilitationsklinik-halle-saale\/therapieangebote\/weitere-angebote\/#breadcrumb\"},\"inLanguage\":\"de\",\"potentialAction\":[{\"@type\":\"ReadAction\",\"target\":[\"https:\/\/reha-flex.de\/saline-rehabilitationsklinik-halle-saale\/therapieangebote\/weitere-angebote\/\"]}]},{\"@type\":\"BreadcrumbList\",\"@id\":\"https:\/\/reha-flex.de\/saline-rehabilitationsklinik-halle-saale\/therapieangebote\/weitere-angebote\/#breadcrumb\",\"itemListElement\":[{\"@type\":\"ListItem\",\"position\":1,\"name\":\"Startseite\",\"item\":\"https:\/\/reha-flex.de\/saline-rehabilitationsklinik-halle-saale\/\"},{\"@type\":\"ListItem\",\"position\":2,\"name\":\"Therapieangebote\",\"item\":\"https:\/\/reha-flex.de\/saline-rehabilitationsklinik-halle-saale\/therapieangebote\/\"},{\"@type\":\"ListItem\",\"position\":3,\"name\":\"Weitere Angebote\"}]},{\"@type\":\"WebSite\",\"@id\":\"https:\/\/reha-flex.de\/saline-rehabilitationsklinik-halle-saale\/#website\",\"url\":\"https:\/\/reha-flex.de\/saline-rehabilitationsklinik-halle-saale\/\",\"name\":\"Saline Rehabilitationsklinik Halle (Saale)\",\"description\":\"\",\"potentialAction\":[{\"@type\":\"SearchAction\",\"target\":{\"@type\":\"EntryPoint\",\"urlTemplate\":\"https:\/\/reha-flex.de\/saline-rehabilitationsklinik-halle-saale\/?s={search_term_string}\"},\"query-input\":{\"@type\":\"PropertyValueSpecification\",\"valueRequired\":true,\"valueName\":\"search_term_string\"}}],\"inLanguage\":\"de\"}]}<\/script>\n<!-- \/ Yoast SEO plugin. -->","yoast_head_json":{"title":"Weitere Angebote - Saline Rehabilitationsklinik Halle (Saale)","robots":{"index":"index","follow":"follow","max-snippet":"max-snippet:-1","max-image-preview":"max-image-preview:large","max-video-preview":"max-video-preview:-1"},"canonical":"https:\/\/reha-flex.de\/saline-rehabilitationsklinik-halle-saale\/therapieangebote\/weitere-angebote\/","og_locale":"de_DE","og_type":"article","og_title":"Weitere Angebote - Saline Rehabilitationsklinik Halle (Saale)","og_url":"https:\/\/reha-flex.de\/saline-rehabilitationsklinik-halle-saale\/therapieangebote\/weitere-angebote\/","og_site_name":"Saline Rehabilitationsklinik Halle (Saale)","article_modified_time":"2022-08-17T09:43:24+00:00","twitter_card":"summary_large_image","twitter_misc":{"Gesch\u00e4tzte Lesezeit":"3\u00a0Minuten"},"schema":{"@context":"https:\/\/schema.org","@graph":[{"@type":"WebPage","@id":"https:\/\/reha-flex.de\/saline-rehabilitationsklinik-halle-saale\/therapieangebote\/weitere-angebote\/","url":"https:\/\/reha-flex.de\/saline-rehabilitationsklinik-halle-saale\/therapieangebote\/weitere-angebote\/","name":"Weitere Angebote - Saline Rehabilitationsklinik Halle (Saale)","isPartOf":{"@id":"https:\/\/reha-flex.de\/saline-rehabilitationsklinik-halle-saale\/#website"},"datePublished":"2020-11-25T14:56:18+00:00","dateModified":"2022-08-17T09:43:24+00:00","breadcrumb":{"@id":"https:\/\/reha-flex.de\/saline-rehabilitationsklinik-halle-saale\/therapieangebote\/weitere-angebote\/#breadcrumb"},"inLanguage":"de","potentialAction":[{"@type":"ReadAction","target":["https:\/\/reha-flex.de\/saline-rehabilitationsklinik-halle-saale\/therapieangebote\/weitere-angebote\/"]}]},{"@type":"BreadcrumbList","@id":"https:\/\/reha-flex.de\/saline-rehabilitationsklinik-halle-saale\/therapieangebote\/weitere-angebote\/#breadcrumb","itemListElement":[{"@type":"ListItem","position":1,"name":"Startseite","item":"https:\/\/reha-flex.de\/saline-rehabilitationsklinik-halle-saale\/"},{"@type":"ListItem","position":2,"name":"Therapieangebote","item":"https:\/\/reha-flex.de\/saline-rehabilitationsklinik-halle-saale\/therapieangebote\/"},{"@type":"ListItem","position":3,"name":"Weitere Angebote"}]},{"@type":"WebSite","@id":"https:\/\/reha-flex.de\/saline-rehabilitationsklinik-halle-saale\/#website","url":"https:\/\/reha-flex.de\/saline-rehabilitationsklinik-halle-saale\/","name":"Saline Rehabilitationsklinik Halle (Saale)","description":"","potentialAction":[{"@type":"SearchAction","target":{"@type":"EntryPoint","urlTemplate":"https:\/\/reha-flex.de\/saline-rehabilitationsklinik-halle-saale\/?s={search_term_string}"},"query-input":{"@type":"PropertyValueSpecification","valueRequired":true,"valueName":"search_term_string"}}],"inLanguage":"de"}]}},"_links":{"self":[{"href":"https:\/\/reha-flex.de\/saline-rehabilitationsklinik-halle-saale\/wp-json\/wp\/v2\/pages\/631","targetHints":{"allow":["GET"]}}],"collection":[{"href":"https:\/\/reha-flex.de\/saline-rehabilitationsklinik-halle-saale\/wp-json\/wp\/v2\/pages"}],"about":[{"href":"https:\/\/reha-flex.de\/saline-rehabilitationsklinik-halle-saale\/wp-json\/wp\/v2\/types\/page"}],"author":[{"embeddable":true,"href":"https:\/\/reha-flex.de\/saline-rehabilitationsklinik-halle-saale\/wp-json\/wp\/v2\/users\/2"}],"replies":[{"embeddable":true,"href":"https:\/\/reha-flex.de\/saline-rehabilitationsklinik-halle-saale\/wp-json\/wp\/v2\/comments?post=631"}],"version-history":[{"count":35,"href":"https:\/\/reha-flex.de\/saline-rehabilitationsklinik-halle-saale\/wp-json\/wp\/v2\/pages\/631\/revisions"}],"predecessor-version":[{"id":1523,"href":"https:\/\/reha-flex.de\/saline-rehabilitationsklinik-halle-saale\/wp-json\/wp\/v2\/pages\/631\/revisions\/1523"}],"up":[{"embeddable":true,"href":"https:\/\/reha-flex.de\/saline-rehabilitationsklinik-halle-saale\/wp-json\/wp\/v2\/pages\/24"}],"wp:attachment":[{"href":"https:\/\/reha-flex.de\/saline-rehabilitationsklinik-halle-saale\/wp-json\/wp\/v2\/media?parent=631"}],"curies":[{"name":"wp","href":"https:\/\/api.w.org\/{rel}","templated":true}]}}